{"id":5498,"date":"2025-04-24T17:38:21","date_gmt":"2025-04-24T15:38:21","guid":{"rendered":"https:\/\/www.capenergie.fr\/catalogue\/?page_id=5498"},"modified":"2025-04-29T11:17:41","modified_gmt":"2025-04-29T09:17:41","slug":"demarches-administratives-installation-inferieure-36kwc","status":"publish","type":"page","link":"http:\/\/www.capenergie.fr\/catalogue\/demarches-administratives-installation-inferieure-36kwc.html","title":{"rendered":"D\u00e9marches administratives pour installation inf\u00e9rieure ou \u00e9gale 36kWc"},"content":{"rendered":"<div id=\"content-box2\">\n<p>Formulaire automatique du site internet \u00ab\u00a0www.capenergie.fr\u00a0\u00bb pour d\u00e9marches administratives pour installation inf\u00e9rieure ou \u00e9gale 36kWc aupr\u00e8s de notre service.<\/p>\n<div align=\"center\" style=\"width:100%\">\n<div style=\"max-width:500px\"><a href=\"http:\/\/pdf.capenergie.fr\/doc-brochure\/tarifs-demarches-administratives-2025-04.pdf\" target=\"_blank\"><img decoding=\"async\" src=\"https:\/\/images.capenergie.fr\/template\/icon-brochure-demarche.png\" alt=\"Brochure D\u00e9marches administratives\" width=\"100%\" border=\"0\"><\/a>\n        <\/div>\n<\/p><\/div>\n<p style=\"color:#F00\"><strong>Service exclusivement r\u00e9serv\u00e9 aux clients CapEnergie pour un projet dont le mat\u00e9riel est fourni enti\u00e8rement par CapEnergie.<\/strong><br \/>\n    Le num\u00e9ro de devis ou de facture doit obligatoirement \u00eatre renseign\u00e9 dans ce formulaire.<\/p>\n<\/div>\n\n<div class=\"wpcf7 no-js\" id=\"wpcf7-f5497-o1\" lang=\"fr-FR\" dir=\"ltr\" data-wpcf7-id=\"5497\">\n<div class=\"screen-reader-response\"><p role=\"status\" aria-live=\"polite\" aria-atomic=\"true\"><\/p> <ul><\/ul><\/div>\n<form action=\"\/catalogue\/wp-json\/wp\/v2\/pages\/5498#wpcf7-f5497-o1\" method=\"post\" class=\"wpcf7-form init\" aria-label=\"Formulaire de contact\" novalidate=\"novalidate\" data-status=\"init\">\n<fieldset class=\"hidden-fields-container\"><input type=\"hidden\" name=\"_wpcf7\" value=\"5497\" \/><input type=\"hidden\" name=\"_wpcf7_version\" value=\"6.1.5\" \/><input type=\"hidden\" name=\"_wpcf7_locale\" value=\"fr_FR\" \/><input type=\"hidden\" name=\"_wpcf7_unit_tag\" value=\"wpcf7-f5497-o1\" \/><input type=\"hidden\" name=\"_wpcf7_container_post\" value=\"0\" \/><input type=\"hidden\" name=\"_wpcf7_posted_data_hash\" value=\"\" \/><input type=\"hidden\" name=\"_wpcf7_recaptcha_response\" value=\"\" \/>\n<\/fieldset>\n<H2>L\u2019INSTALLATEUR\n<\/h2>\n<p>Date de la demande (obligatoire)\n<\/p>\n<p><span class=\"wpcf7-form-control-wrap\" data-name=\"date-demande\"><input class=\"wpcf7-form-control wpcf7-date wpcf7-validates-as-required wpcf7-validates-as-date\" aria-required=\"true\" aria-invalid=\"false\" value=\"\" type=\"date\" name=\"date-demande\" \/><\/span>\n<\/p>\n<p>Soci\u00e9t\u00e9 (obligatoire)\n<\/p>\n<p><span class=\"wpcf7-form-control-wrap\" data-name=\"societe\"><input size=\"40\" maxlength=\"400\" class=\"wpcf7-form-control wpcf7-text wpcf7-validates-as-required\" aria-required=\"true\" aria-invalid=\"false\" value=\"\" type=\"text\" name=\"societe\" \/><\/span>\n<\/p>\n<p>Votre nom (obligatoire)\n<\/p>\n<p><span class=\"wpcf7-form-control-wrap\" data-name=\"your-name\"><input size=\"40\" maxlength=\"400\" class=\"wpcf7-form-control wpcf7-text wpcf7-validates-as-required\" aria-required=\"true\" aria-invalid=\"false\" value=\"\" type=\"text\" name=\"your-name\" \/><\/span>\n<\/p>\n<p>Votre pr\u00e9nom (obligatoire)\n<\/p>\n<p><span class=\"wpcf7-form-control-wrap\" data-name=\"your-lastname\"><input size=\"40\" maxlength=\"400\" class=\"wpcf7-form-control wpcf7-text wpcf7-validates-as-required\" aria-required=\"true\" aria-invalid=\"false\" value=\"\" type=\"text\" name=\"your-lastname\" \/><\/span>\n<\/p>\n<p>Votre email (obligatoire)\n<\/p>\n<p><span class=\"wpcf7-form-control-wrap\" data-name=\"your-email\"><input size=\"40\" maxlength=\"400\" class=\"wpcf7-form-control wpcf7-email wpcf7-validates-as-required wpcf7-text wpcf7-validates-as-email\" aria-required=\"true\" aria-invalid=\"false\" value=\"\" type=\"email\" name=\"your-email\" \/><\/span>\n<\/p>\n<p>Coordonn\u00e9es t\u00e9l\u00e9phoniques (obligatoire)\n<\/p>\n<p><span class=\"wpcf7-form-control-wrap\" data-name=\"your-phone\"><input size=\"40\" maxlength=\"400\" class=\"wpcf7-form-control wpcf7-text wpcf7-validates-as-required\" aria-required=\"true\" aria-invalid=\"false\" value=\"\" type=\"text\" name=\"your-phone\" \/><\/span>\n<\/p>\n<p>Adresse de la soci\u00e9t\u00e9 (obligatoire)\n<\/p>\n<p><span class=\"wpcf7-form-control-wrap\" data-name=\"your-adress\"><input size=\"40\" maxlength=\"400\" class=\"wpcf7-form-control wpcf7-text wpcf7-validates-as-required\" aria-required=\"true\" aria-invalid=\"false\" value=\"\" type=\"text\" name=\"your-adress\" \/><\/span>\n<\/p>\n<p>Type de panneaux (obligatoire)\n<\/p>\n<p><span class=\"wpcf7-form-control-wrap\" data-name=\"panneau\"><input size=\"40\" maxlength=\"400\" class=\"wpcf7-form-control wpcf7-text wpcf7-validates-as-required\" aria-required=\"true\" aria-invalid=\"false\" value=\"\" type=\"text\" name=\"panneau\" \/><\/span>\n<\/p>\n<p>Type d'onduleur (obligatoire)\n<\/p>\n<p><span class=\"wpcf7-form-control-wrap\" data-name=\"onduleur\"><input size=\"40\" maxlength=\"400\" class=\"wpcf7-form-control wpcf7-text wpcf7-validates-as-required\" aria-required=\"true\" aria-invalid=\"false\" value=\"\" type=\"text\" name=\"onduleur\" \/><\/span>\n<\/p>\n<p>Puissance totale install\u00e9e (obligatoire)\n<\/p>\n<p><span class=\"wpcf7-form-control-wrap\" data-name=\"puissance\"><input size=\"40\" maxlength=\"400\" class=\"wpcf7-form-control wpcf7-text wpcf7-validates-as-required\" aria-required=\"true\" aria-invalid=\"false\" value=\"\" type=\"text\" name=\"puissance\" \/><\/span>\n<\/p>\n<p>Num\u00e9ro de devis ou de facture (obligatoire)\n<\/p>\n<p><span class=\"wpcf7-form-control-wrap\" data-name=\"devis-facture\"><input size=\"40\" maxlength=\"400\" class=\"wpcf7-form-control wpcf7-text wpcf7-validates-as-required\" aria-required=\"true\" aria-invalid=\"false\" value=\"\" type=\"text\" name=\"devis-facture\" \/><\/span>\n<\/p>\n<h4>Pi\u00e8ces \u00e0 pr\u00e9parer pour votre dossier\n<\/h4>\n<p>La personne charg\u00e9e de traiter votre dossier administratif reviendra vers vous dans les prochains jours pour vous demander ces pi\u00e8ces\n<\/p>\n<ul>\n\t<li>\n\t\t<p>Photo google mapps du projet (ex maison) avec emplacement linky, disjoncteur, panneaux et tableau\n\t\t<\/p>\n\t<\/li>\n\t<li>\n\t\t<p>Calepinage\n\t\t<\/p>\n\t<\/li>\n\t<li>\n\t\t<p>Quali PV (pour le premier dossier)\n\t\t<\/p>\n\t<\/li>\n\t<li>\n\t\t<p>KBIS (pour le premier dossier)\n\t\t<\/p>\n\t<\/li>\n<\/ul>\n<div class=\"separator-orange\">\n<\/div>\n<H2>LE PRODUCTEUR (client)\n<\/h2>\n<p>Nom du client (obligatoire)\n<\/p>\n<p><span class=\"wpcf7-form-control-wrap\" data-name=\"name-customer\"><input size=\"40\" maxlength=\"400\" class=\"wpcf7-form-control wpcf7-text wpcf7-validates-as-required\" aria-required=\"true\" aria-invalid=\"false\" value=\"\" type=\"text\" name=\"name-customer\" \/><\/span>\n<\/p>\n<p>Pr\u00e9nom (obligatoire)\n<\/p>\n<p><span class=\"wpcf7-form-control-wrap\" data-name=\"lastname-customer\"><input size=\"40\" maxlength=\"400\" class=\"wpcf7-form-control wpcf7-text wpcf7-validates-as-required\" aria-required=\"true\" aria-invalid=\"false\" value=\"\" type=\"text\" name=\"lastname-customer\" \/><\/span>\n<\/p>\n<p>Adresse (obligatoire)\n<\/p>\n<p><span class=\"wpcf7-form-control-wrap\" data-name=\"adress-customer\"><input size=\"40\" maxlength=\"400\" class=\"wpcf7-form-control wpcf7-text wpcf7-validates-as-required\" aria-required=\"true\" aria-invalid=\"false\" value=\"\" type=\"text\" name=\"adress-customer\" \/><\/span>\n<\/p>\n<p>Type de contrat (obligatoire)\n<\/p>\n<p><span class=\"wpcf7-form-control-wrap\" data-name=\"select-499\"><select class=\"wpcf7-form-control wpcf7-select\" aria-invalid=\"false\" name=\"select-499\"><option value=\"Revente de surplus\">Revente de surplus<\/option><option value=\"Revente totale\">Revente totale<\/option><option value=\"Autoconsommation totale\">Autoconsommation totale<\/option><\/select><\/span>\n<\/p>\n<p>Type de d\u00e9marche (obligatoire)\n<\/p>\n<p><span class=\"wpcf7-form-control-wrap\" data-name=\"select-99\"><select class=\"wpcf7-form-control wpcf7-select\" aria-invalid=\"false\" name=\"select-99\"><option value=\"DP Seule\">DP Seule<\/option><option value=\"DP Seule par courrier\">DP Seule par courrier<\/option><option value=\"Consuel Seul\">Consuel Seul<\/option><option value=\"Enedis\">Enedis<\/option><option value=\"Aide contrat EDF AO\">Aide contrat EDF AO<\/option><option value=\"Complet DP+Consuel+Enedis\">Complet DP+Consuel+Enedis<\/option><option value=\"Complet DP courrier+Consuel+Enedis\">Complet DP courrier+Consuel+Enedis<\/option><\/select><\/span>\n<\/p>\n<h4>Pi\u00e8ces \u00e0 pr\u00e9parer pour le dossier du client\n<\/h4>\n<p>La personne charg\u00e9e de traiter votre dossier administratif reviendra vers vous dans les prochains jours pour vous demander ces pi\u00e8ces\n<\/p>\n<ul>\n\t<li>\n\t\t<p>Mandats Enedis et mairie\n\t\t<\/p>\n\t<\/li>\n\t<li>\n\t\t<p>Facture Edf\n\t\t<\/p>\n\t<\/li>\n\t<li>\n\t\t<p>Carte d identite\n\t\t<\/p>\n\t<\/li>\n\t<li>\n\t\t<p>Photo linky et tableau existant\n\t\t<\/p>\n\t<\/li>\n\t<li>\n\t\t<p>Taxe fonci\u00e8re\n\t\t<\/p>\n\t<\/li>\n<\/ul>\n<div class=\"separator-orange\">\n<\/div>\n<p><input class=\"wpcf7-form-control wpcf7-submit has-spinner\" type=\"submit\" value=\"Envoyer\" \/>\n<\/p><p style=\"display: none !important;\" class=\"akismet-fields-container\" data-prefix=\"_wpcf7_ak_\"><label>&#916;<textarea name=\"_wpcf7_ak_hp_textarea\" cols=\"45\" rows=\"8\" maxlength=\"100\"><\/textarea><\/label><input type=\"hidden\" id=\"ak_js_1\" name=\"_wpcf7_ak_js\" value=\"118\"\/><script>\ndocument.getElementById( \"ak_js_1\" ).setAttribute( \"value\", ( new Date() ).getTime() );\n<\/script>\n<\/p><div class=\"wpcf7-response-output\" aria-hidden=\"true\"><\/div>\n<\/form>\n<\/div>\n\n<div align=\"center\" style=\"width:100%\">\n<div style=\"max-width:500px\"><a href=\"http:\/\/pdf.capenergie.fr\/doc-brochure\/tarifs-demarches-administratives-2025-04.pdf\" target=\"_blank\"><img decoding=\"async\" src=\"https:\/\/images.capenergie.fr\/template\/icon-brochure-demarche.png\" alt=\"Brochure D\u00e9marches administratives\" width=\"100%\" border=\"0\"><\/a>\n        <\/div>\n","protected":false},"excerpt":{"rendered":"<p>Formulaire automatique du site internet \u00ab\u00a0www.capenergie.fr\u00a0\u00bb pour d\u00e9marches administratives pour installation inf\u00e9rieure ou \u00e9gale 36kWc aupr\u00e8s de notre service. Service exclusivement r\u00e9serv\u00e9 aux clients CapEnergie pour un projet dont le mat\u00e9riel est fourni enti\u00e8rement par CapEnergie. Le num\u00e9ro de devis ou de facture doit obligatoirement \u00eatre renseign\u00e9 dans ce formulaire.<\/p>\n","protected":false},"author":1,"featured_media":0,"parent":0,"menu_order":0,"comment_status":"closed","ping_status":"closed","template":"","meta":{"neve_meta_sidebar":"","neve_meta_container":"","neve_meta_enable_content_width":"","neve_meta_content_width":0,"neve_meta_title_alignment":"","neve_meta_author_avatar":"","neve_post_elements_order":"","neve_meta_disable_header":"","neve_meta_disable_footer":"","neve_meta_disable_title":"","ngg_post_thumbnail":0,"_themeisle_gutenberg_block_has_review":false,"footnotes":""},"class_list":["post-5498","page","type-page","status-publish","hentry"],"yoast_head":"<!-- This site is optimized with the Yoast SEO plugin v27.6 - https:\/\/yoast.com\/product\/yoast-seo-wordpress\/ -->\n<title>D\u00e9marches administratives pour installation inf\u00e9rieure ou \u00e9gale 36kWc -<\/title>\n<meta name=\"robots\" content=\"noindex, follow\" \/>\n<meta property=\"og:locale\" content=\"fr_FR\" \/>\n<meta property=\"og:type\" content=\"article\" \/>\n<meta property=\"og:title\" content=\"D\u00e9marches administratives pour installation inf\u00e9rieure ou \u00e9gale 36kWc -\" \/>\n<meta property=\"og:description\" content=\"Formulaire automatique du site internet \u00ab\u00a0www.capenergie.fr\u00a0\u00bb pour d\u00e9marches administratives pour installation inf\u00e9rieure ou \u00e9gale 36kWc aupr\u00e8s de notre service. Service exclusivement r\u00e9serv\u00e9 aux clients CapEnergie pour un projet dont le mat\u00e9riel est fourni enti\u00e8rement par CapEnergie. Le num\u00e9ro de devis ou de facture doit obligatoirement \u00eatre renseign\u00e9 dans ce formulaire.\" \/>\n<meta property=\"og:url\" content=\"https:\/\/www.capenergie.fr\/catalogue\/demarches-administratives-installation-inferieure-36kwc.html\" \/>\n<meta property=\"article:modified_time\" content=\"2025-04-29T09:17:41+00:00\" \/>\n<meta property=\"og:image\" content=\"https:\/\/images.capenergie.fr\/template\/icon-brochure-demarche.png\" \/>\n<meta name=\"twitter:label1\" content=\"Dur\u00e9e de lecture estim\u00e9e\" \/>\n\t<meta name=\"twitter:data1\" content=\"1 minute\" \/>\n<script type=\"application\/ld+json\" class=\"yoast-schema-graph\">{\"@context\":\"https:\\\/\\\/schema.org\",\"@graph\":[{\"@type\":\"WebPage\",\"@id\":\"https:\\\/\\\/www.capenergie.fr\\\/catalogue\\\/demarches-administratives-installation-inferieure-36kwc.html\",\"url\":\"https:\\\/\\\/www.capenergie.fr\\\/catalogue\\\/demarches-administratives-installation-inferieure-36kwc.html\",\"name\":\"D\u00e9marches administratives pour installation inf\u00e9rieure ou \u00e9gale 36kWc -\",\"isPartOf\":{\"@id\":\"https:\\\/\\\/www.capenergie.fr\\\/catalogue\\\/#website\"},\"primaryImageOfPage\":{\"@id\":\"https:\\\/\\\/www.capenergie.fr\\\/catalogue\\\/demarches-administratives-installation-inferieure-36kwc.html#primaryimage\"},\"image\":{\"@id\":\"https:\\\/\\\/www.capenergie.fr\\\/catalogue\\\/demarches-administratives-installation-inferieure-36kwc.html#primaryimage\"},\"thumbnailUrl\":\"https:\\\/\\\/images.capenergie.fr\\\/template\\\/icon-brochure-demarche.png\",\"datePublished\":\"2025-04-24T15:38:21+00:00\",\"dateModified\":\"2025-04-29T09:17:41+00:00\",\"breadcrumb\":{\"@id\":\"https:\\\/\\\/www.capenergie.fr\\\/catalogue\\\/demarches-administratives-installation-inferieure-36kwc.html#breadcrumb\"},\"inLanguage\":\"fr-FR\",\"potentialAction\":[{\"@type\":\"ReadAction\",\"target\":[\"https:\\\/\\\/www.capenergie.fr\\\/catalogue\\\/demarches-administratives-installation-inferieure-36kwc.html\"]}]},{\"@type\":\"ImageObject\",\"inLanguage\":\"fr-FR\",\"@id\":\"https:\\\/\\\/www.capenergie.fr\\\/catalogue\\\/demarches-administratives-installation-inferieure-36kwc.html#primaryimage\",\"url\":\"https:\\\/\\\/images.capenergie.fr\\\/template\\\/icon-brochure-demarche.png\",\"contentUrl\":\"https:\\\/\\\/images.capenergie.fr\\\/template\\\/icon-brochure-demarche.png\"},{\"@type\":\"BreadcrumbList\",\"@id\":\"https:\\\/\\\/www.capenergie.fr\\\/catalogue\\\/demarches-administratives-installation-inferieure-36kwc.html#breadcrumb\",\"itemListElement\":[{\"@type\":\"ListItem\",\"position\":1,\"name\":\"Accueil\",\"item\":\"https:\\\/\\\/www.capenergie.fr\\\/catalogue\\\/\"},{\"@type\":\"ListItem\",\"position\":2,\"name\":\"D\u00e9marches administratives pour installation inf\u00e9rieure ou \u00e9gale 36kWc\"}]},{\"@type\":\"WebSite\",\"@id\":\"https:\\\/\\\/www.capenergie.fr\\\/catalogue\\\/#website\",\"url\":\"https:\\\/\\\/www.capenergie.fr\\\/catalogue\\\/\",\"name\":\"\",\"description\":\"\",\"potentialAction\":[{\"@type\":\"SearchAction\",\"target\":{\"@type\":\"EntryPoint\",\"urlTemplate\":\"https:\\\/\\\/www.capenergie.fr\\\/catalogue\\\/?s={search_term_string}\"},\"query-input\":{\"@type\":\"PropertyValueSpecification\",\"valueRequired\":true,\"valueName\":\"search_term_string\"}}],\"inLanguage\":\"fr-FR\"}]}<\/script>\n<!-- \/ Yoast SEO plugin. -->","yoast_head_json":{"title":"D\u00e9marches administratives pour installation inf\u00e9rieure ou \u00e9gale 36kWc -","robots":{"index":"noindex","follow":"follow"},"og_locale":"fr_FR","og_type":"article","og_title":"D\u00e9marches administratives pour installation inf\u00e9rieure ou \u00e9gale 36kWc -","og_description":"Formulaire automatique du site internet \u00ab\u00a0www.capenergie.fr\u00a0\u00bb pour d\u00e9marches administratives pour installation inf\u00e9rieure ou \u00e9gale 36kWc aupr\u00e8s de notre service. Service exclusivement r\u00e9serv\u00e9 aux clients CapEnergie pour un projet dont le mat\u00e9riel est fourni enti\u00e8rement par CapEnergie. Le num\u00e9ro de devis ou de facture doit obligatoirement \u00eatre renseign\u00e9 dans ce formulaire.","og_url":"https:\/\/www.capenergie.fr\/catalogue\/demarches-administratives-installation-inferieure-36kwc.html","article_modified_time":"2025-04-29T09:17:41+00:00","og_image":[{"url":"https:\/\/images.capenergie.fr\/template\/icon-brochure-demarche.png","type":"","width":"","height":""}],"twitter_misc":{"Dur\u00e9e de lecture estim\u00e9e":"1 minute"},"schema":{"@context":"https:\/\/schema.org","@graph":[{"@type":"WebPage","@id":"https:\/\/www.capenergie.fr\/catalogue\/demarches-administratives-installation-inferieure-36kwc.html","url":"https:\/\/www.capenergie.fr\/catalogue\/demarches-administratives-installation-inferieure-36kwc.html","name":"D\u00e9marches administratives pour installation inf\u00e9rieure ou \u00e9gale 36kWc -","isPartOf":{"@id":"https:\/\/www.capenergie.fr\/catalogue\/#website"},"primaryImageOfPage":{"@id":"https:\/\/www.capenergie.fr\/catalogue\/demarches-administratives-installation-inferieure-36kwc.html#primaryimage"},"image":{"@id":"https:\/\/www.capenergie.fr\/catalogue\/demarches-administratives-installation-inferieure-36kwc.html#primaryimage"},"thumbnailUrl":"https:\/\/images.capenergie.fr\/template\/icon-brochure-demarche.png","datePublished":"2025-04-24T15:38:21+00:00","dateModified":"2025-04-29T09:17:41+00:00","breadcrumb":{"@id":"https:\/\/www.capenergie.fr\/catalogue\/demarches-administratives-installation-inferieure-36kwc.html#breadcrumb"},"inLanguage":"fr-FR","potentialAction":[{"@type":"ReadAction","target":["https:\/\/www.capenergie.fr\/catalogue\/demarches-administratives-installation-inferieure-36kwc.html"]}]},{"@type":"ImageObject","inLanguage":"fr-FR","@id":"https:\/\/www.capenergie.fr\/catalogue\/demarches-administratives-installation-inferieure-36kwc.html#primaryimage","url":"https:\/\/images.capenergie.fr\/template\/icon-brochure-demarche.png","contentUrl":"https:\/\/images.capenergie.fr\/template\/icon-brochure-demarche.png"},{"@type":"BreadcrumbList","@id":"https:\/\/www.capenergie.fr\/catalogue\/demarches-administratives-installation-inferieure-36kwc.html#breadcrumb","itemListElement":[{"@type":"ListItem","position":1,"name":"Accueil","item":"https:\/\/www.capenergie.fr\/catalogue\/"},{"@type":"ListItem","position":2,"name":"D\u00e9marches administratives pour installation inf\u00e9rieure ou \u00e9gale 36kWc"}]},{"@type":"WebSite","@id":"https:\/\/www.capenergie.fr\/catalogue\/#website","url":"https:\/\/www.capenergie.fr\/catalogue\/","name":"","description":"","potentialAction":[{"@type":"SearchAction","target":{"@type":"EntryPoint","urlTemplate":"https:\/\/www.capenergie.fr\/catalogue\/?s={search_term_string}"},"query-input":{"@type":"PropertyValueSpecification","valueRequired":true,"valueName":"search_term_string"}}],"inLanguage":"fr-FR"}]}},"_links":{"self":[{"href":"http:\/\/www.capenergie.fr\/catalogue\/wp-json\/wp\/v2\/pages\/5498","targetHints":{"allow":["GET"]}}],"collection":[{"href":"http:\/\/www.capenergie.fr\/catalogue\/wp-json\/wp\/v2\/pages"}],"about":[{"href":"http:\/\/www.capenergie.fr\/catalogue\/wp-json\/wp\/v2\/types\/page"}],"author":[{"embeddable":true,"href":"http:\/\/www.capenergie.fr\/catalogue\/wp-json\/wp\/v2\/users\/1"}],"replies":[{"embeddable":true,"href":"http:\/\/www.capenergie.fr\/catalogue\/wp-json\/wp\/v2\/comments?post=5498"}],"version-history":[{"count":9,"href":"http:\/\/www.capenergie.fr\/catalogue\/wp-json\/wp\/v2\/pages\/5498\/revisions"}],"predecessor-version":[{"id":5511,"href":"http:\/\/www.capenergie.fr\/catalogue\/wp-json\/wp\/v2\/pages\/5498\/revisions\/5511"}],"wp:attachment":[{"href":"http:\/\/www.capenergie.fr\/catalogue\/wp-json\/wp\/v2\/media?parent=5498"}],"curies":[{"name":"wp","href":"https:\/\/api.w.org\/{rel}","templated":true}]}}