{"id":453,"date":"2012-12-04T12:23:33","date_gmt":"2012-12-04T11:23:33","guid":{"rendered":"http:\/\/www.capenergie.fr\/catalogue3\/?page_id=453"},"modified":"2021-07-15T11:42:58","modified_gmt":"2021-07-15T09:42:58","slug":"eclairage-photovoltaique","status":"publish","type":"page","link":"http:\/\/www.capenergie.fr\/catalogue\/eclairage-photovoltaique.html","title":{"rendered":"Eclairage photovolta\u00efque"},"content":{"rendered":"<p><img decoding=\"async\" alt=\"lampadaire solaire\" src=\"http:\/\/images.capenergie.fr\/produit\/site-isole\/eclairage\/lampadaire.jpg\" class=\"alignleft\" width=\"125\" height=\"125\" \/><\/p>\n<p><strong>Capenergie officiellement distributeur de  syst\u00e8me d&rsquo;<a href=\"\/catalogue\/site-isole.html\" title=\"\u00e9clairage public photovolta\u00efque\">\u00e9clairage public photovolta\u00efque<\/a> compos\u00e9 d&rsquo;une gamme de lampadaire solaire puissant, fiable et robuste<\/strong>.<br \/>\nDimensionn\u00e9e pour offrir un \u00e9clairage tout au long de la nuit, la gamme de <strong>lampadaire solaire \u00e9clairage public<\/strong> Sunna Design propos\u00e9e par Capenergie offre une solutions \u00e9cologique et \u00e9conomique aux municipalit\u00e9s souhaitant r\u00e9duire les co\u00fbt d&rsquo;\u00e9lectricit\u00e9, d&rsquo;installation (pas de tranch\u00e9e pour relier les \u00e9clairages aux r\u00e9seaux \u00e9lectrique) et de fonctionnement de leur parc d&rsquo;\u00e9clairage public. La gamme de <strong>lampadaire solaire public<\/strong> est compos\u00e9e de produits ayant prouv\u00e9 leur fiabilit\u00e9 depuis de nombreuses ann\u00e9es aux quatre coins du monde. Ce type d&rsquo;<strong>\u00e9clairage public solaire LED ext\u00e9rieur<\/strong> offre de nombreuses applications pour la s\u00e9curit\u00e9, les activit\u00e9s socio-\u00e9conomiques nocturnes, l&rsquo;illumination de monuments et lieux publics.<\/p>\n<table width=\"100%\" border=\"0\" cellspacing=\"0\" cellpadding=\"5\">\n<tr id=\"rang-prod\">\n<td>\n<h3>Catalogue \u00e0 t\u00e9l\u00e9charger<\/h3>\n<div class=\"separator-orange\"><\/div>\n<p>        <a href=\"http:\/\/pdf.capenergie.fr\/doc-site-isole\/sunna-design-gamme-2019.pdf\" title=\"lampadaire solaire urbain\" target=\"_blank\" rel=\"noopener noreferrer\"><\/p>\n<div id=\"doc-pdf\"><\/div>\n<p>        Catalogue lampadaire solaire urbain<\/a>\n        <\/td>\n<\/tr>\n<tr id=\"rang-prod\">\n<td>\n<div class=\"separator-orange\"><\/div>\n<p>        <a href=\"http:\/\/pdf.capenergie.fr\/doc-site-isole\/sunna-design-plaquette-hotel-2019.pdf\" title=\"lampadaire solaire hotel\" target=\"_blank\" rel=\"noopener noreferrer\"><\/p>\n<div id=\"doc-pdf\"><\/div>\n<p>        Plaquette lampadaire solaire h\u00f4tellerie<\/a>\n        <\/td>\n<\/tr>\n<tr id=\"rang-prod\">\n<td>\n<div class=\"separator-orange\"><\/div>\n<p>        <a href=\"http:\/\/pdf.capenergie.fr\/doc-site-isole\/sunna-design-plaquette-viticulture-2019.pdf\" title=\"lampadaire solaire domaine viticole\" target=\"_blank\" rel=\"noopener noreferrer\"><\/p>\n<div id=\"doc-pdf\"><\/div>\n<p>        Plaquette lampadaire solaire domaine viticole et agricole<\/a>\n        <\/td>\n<\/tr>\n<\/table>\n<p><img decoding=\"async\" alt=\"\u00e9clairage public photovoltaique\" src=\"http:\/\/images.capenergie.fr\/produit\/site-isole\/eclairage\/eclairage-public-photovoltaique-3.jpg\" width=\"100%\" \/><\/p>\n<p>\nA l&rsquo;inverse de nombreuses gammes dont le <strong>prix d&rsquo;un lampadaire eclairage public<\/strong> se situe dans le Low-coast, Capenergie propose les gammes ISSL et UP du fabricant fran\u00e7ais <strong>Sunna Design<\/strong>. Finies les performances d&rsquo;\u00e9clairage de faible intensit\u00e9, finies les  pannes \u00e0 r\u00e9p\u00e9tition, finies les<br \/>\ndur\u00e9es de vie de batterie n&rsquo;exc\u00e9dant pas 6 mois \u00e0 2 ans.\n<\/p>\n<h2><strong>Sunna Design ISSL<\/strong>+<br \/>\nLampadaire solaire pour l&rsquo;\u00e9clairage public<\/h2>\n<div style=\"float:right; margin-left:15px; margin-top:5px; margin-bottom:15px\">\n  <img decoding=\"async\" alt=\"lampadaire solaire\" src=\"http:\/\/images.capenergie.fr\/produit\/site-isole\/eclairage\/sunna-design-issl-plus.jpg\" width=\"150\" height=\"250\" \/>\n<\/div>\n<p><strong>Caract\u00e9ristiques :<\/strong><br \/>\n  &#8226; Flux lumineux: 1600 \u00e0 2800 lumens<br \/>\n&#8226; Efficacit\u00e9 d&rsquo;\u00e9clairage: 164 Lumen \/ Watt<br \/>\n&#8226; Panneau photovolta\u00efque: 50 Wc<br \/>\n&#8226; Batterie: 120 Wh NiMH<br \/>\n&#8226; Garantie : 6 ans<br \/>\n&#8226; Hauteur du m\u00e2t : 3 \u00e0 5 m\u00e8tres<br \/>\n&#8226; D\u00e9tecteur de pr\u00e9sence selon la r\u00e9f\u00e9rence<\/p>\n<p><strong>Avantages et applications :<\/strong><br \/>\n  &#8226; \u00c9clairage routier et \u00c9clairage de square ou place<br \/>\n  &#8226; Id\u00e9ale en  r\u00e9gion intertropicale (l\u00e9g\u00e8re inclinaison du panneau photovolta\u00efque)  <br \/>\n  &#8226; Syst\u00e8me simple et fiable<br \/>\n  &#8226; Dur\u00e9e de vie en conditions extr\u00eames de 12 ans<br \/>\n  &#8226; R\u00e9sistant aux conditions climatiques extr\u00eames  <br \/>\n  &#8226; Co\u00fbt de maintenance tr\u00e8s faible (Compatible Bluetooth pour  le contr\u00f4le \u00e0 distance,  le diagnostic et la r\u00e9solution  d&rsquo;\u00e9ventuelle d\u00e9faillance, la gestion  des modes d&rsquo;\u00e9clairage&#8230;)  <br \/>\n  &#8226; Made in France<br \/>\n  &#8226; <strong>Eclairage solaire puissant<\/strong><br \/>\n  &#8226; <strong>Eclairage exterieur solaire professionnel<\/strong> (installation simplifi\u00e9e en Plug &amp; Play)<br \/>\n&#8226; <strong>Eclairage public solaire autonome<\/strong><br \/>\n&#8226; R\u00e9siste \u00e0 des temp\u00e9ratures \u00e9lev\u00e9es<br \/>\n&#8226; Made in France<\/p>\n<table width=\"100%\" border=\"0\" cellspacing=\"0\" cellpadding=\"5\">\n<tr>\n<td>\n<h2>Lampadaires solaires<strong> Sunna Design ISSL+<\/strong><\/h2>\n<\/td>\n<\/tr>\n<tr id=\"rang-prod\">\n<td>\n<h3>Documentation techniques \u00e0 t\u00e9l\u00e9charger<\/h3>\n<div class=\"separator-orange\"><\/div>\n<p>        <a href=\"http:\/\/pdf.capenergie.fr\/doc-site-isole\/sunna-design_iSSL_plus.pdf\" title=\"lampadaire solaire urbain\" target=\"_blank\" rel=\"noopener noreferrer\"><\/p>\n<div id=\"doc-pdf\"><\/div>\n<p>Lampadaire solaire urbain<\/a>\n        <\/td>\n<\/tr>\n<\/table>\n<h2><strong>Sunna Design Maxi Area et Maxi Road<\/strong><br \/>\nEclairage exterieur solaire ultra puissant<\/h2>\n<div style=\"float:right; margin-left:15px; margin-top:5px; margin-bottom:15px\">\n  <img decoding=\"async\" alt=\"eclairage exterieur solaire ultra puissant\" src=\"http:\/\/images.capenergie.fr\/produit\/site-isole\/eclairage\/villaya-type-2.jpg\" width=\"150\" height=\"200\" \/>\n<\/div>\n<p><strong>Caract\u00e9ristiques :<\/strong><br \/>\n  &#8226; Flux lumineux: 1600 \u00e0 5600 lumens<br \/>\n&#8226; Efficacit\u00e9 d&rsquo;\u00e9clairage: 164 Lumen \/ Watt<br \/>\n&#8226; Panneau photovolta\u00efque: 80 Wc<br \/>\n&#8226; Batterie: 240 Wh NiMH<br \/>\n&#8226; Garantie : 6 ans<br \/>\n&#8226; Hauteur du m\u00e2t : 4 \u00e0 7 m\u00e8tres<br \/>\n&#8226; D\u00e9tecteur de pr\u00e9sence selon la r\u00e9f\u00e9rence<\/p>\n<p><strong>Avantages et applications :<\/strong><br \/>\n&#8226; \u00c9clairage routier et \u00c9clairage de square ou place<br \/>\n&#8226; Polyvalent : Des rangs d&rsquo;\u00e9clairage LED du m\u00eame c\u00f4t\u00e9, pour un \u00e9clairage puissant, ou sur 2 c\u00f4t\u00e9s oppos\u00e9s, pour une plus grande surface d&rsquo;\u00e9clairage.<br \/>\n  &#8226; Id\u00e9ale en  r\u00e9gion intertropicale (l\u00e9g\u00e8re inclinaison du panneau photovolta\u00efque)  <br \/>\n  &#8226; Syst\u00e8me simple et fiable<br \/>\n  &#8226; Dur\u00e9e de vie en conditions extr\u00eames de 12 ans<br \/>\n  &#8226; R\u00e9sistant aux conditions climatiques extr\u00eames  <br \/>\n  &#8226; Co\u00fbt de maintenance tr\u00e8s faible (Compatible Bluetooth pour  le contr\u00f4le \u00e0 distance,  le diagnostic et la r\u00e9solution  d&rsquo;\u00e9ventuelle d\u00e9faillance, la gestion  des modes d&rsquo;\u00e9clairage&#8230;)  <br \/>\n  &#8226; Made in France<br \/>\n  &#8226; <strong>Eclairage solaire puissant<\/strong><br \/>\n  &#8226; <strong>Eclairage exterieur solaire professionnel<\/strong> (installation simplifi\u00e9e en Plug &amp; Play)<br \/>\n&#8226; <strong>Lampadaire solaire autonome<\/strong><br \/>\n&#8226; R\u00e9siste \u00e0 des temp\u00e9ratures \u00e9lev\u00e9es<br \/>\n&#8226; Made in France<\/p>\n<table width=\"100%\" border=\"0\" cellspacing=\"0\" cellpadding=\"5\">\n<tr>\n<td>\n<h2>Lampadaires solaires<strong> Sunna Design Maxi Area et Maxi Road<\/strong><\/h2>\n<\/td>\n<\/tr>\n<tr id=\"rang-prod\">\n<td>\n<h3>Documentation techniques \u00e0 t\u00e9l\u00e9charger<\/h3>\n<div class=\"separator-orange\"><\/div>\n<p>        <a href=\"http:\/\/pdf.capenergie.fr\/doc-site-isole\/sunna-design_iSSL_maxi.pdf\" title=\"lampadaire solaire urbain\" target=\"_blank\" rel=\"noopener noreferrer\"><\/p>\n<div id=\"doc-pdf\"><\/div>\n<p>Lampadaire solaire urbain<\/a>\n        <\/td>\n<\/tr>\n<\/table>\n<h2><strong>Sunna Design UP<\/strong><br \/>\nEclairage exterieur solaire professionnel<\/h2>\n<div style=\"float:right; margin-left:15px; margin-top:5px; margin-bottom:15px\">\n  <img loading=\"lazy\" decoding=\"async\" alt=\"lampadaire solaire prix\" src=\"http:\/\/images.capenergie.fr\/produit\/site-isole\/eclairage\/sunna-design-up.jpg\" width=\"150\" height=\"200\" \/>\n<\/div>\n<p><strong>Caract\u00e9ristiques :<\/strong><br \/>\n  &#8226; Flux lumineux: 3200 ou 5600 lumens<br \/>\n&#8226; Efficacit\u00e9 d&rsquo;\u00e9clairage: 164 Lumen \/ Watt<br \/>\n&#8226; Panneau photovolta\u00efque: 80 Wc<br \/>\n&#8226; Batterie: 240 Wh NiMH<br \/>\n&#8226; Garantie : 6 ans<br \/>\n&#8226; Hauteur du m\u00e2t : 5 \u00e0 8 m\u00e8tres<br \/>\n&#8226; D\u00e9tecteur de pr\u00e9sence selon la r\u00e9f\u00e9rence<\/p>\n<p><strong>Avantages et applications :<\/strong><br \/>\n&#8226; \u00c9clairage routier et \u00c9clairage de square ou place<br \/>\n&#8226; Id\u00e9ale en  toute r\u00e9gion<br \/>\n  &#8226; Syst\u00e8me simple et fiable<br \/>\n  &#8226; Dur\u00e9e de vie en conditions extr\u00eames de 12 ans<br \/>\n  &#8226; R\u00e9sistant aux conditions climatiques extr\u00eames  <br \/>\n  &#8226; Co\u00fbt de maintenance tr\u00e8s faible (Compatible Bluetooth pour  le contr\u00f4le \u00e0 distance,  le diagnostic et la r\u00e9solution  d&rsquo;\u00e9ventuelle d\u00e9faillance, la gestion  des modes d&rsquo;\u00e9clairage&#8230;)  <br \/>\n  &#8226; Made in France<br \/>\n  &#8226; <strong>Eclairage public solaire autonome<\/strong><br \/>\n  &#8226; <strong>Eclairage exterieur solaire professionnel<\/strong> (installation simplifi\u00e9e en Plug &amp; Play)<br \/>\n&#8226; <strong>Lampadaire solaire urbain<\/strong><br \/>\n&#8226; R\u00e9siste \u00e0 des temp\u00e9ratures \u00e9lev\u00e9es<br \/>\n&#8226; Made in France<\/p>\n<table width=\"100%\" border=\"0\" cellspacing=\"0\" cellpadding=\"5\">\n<tr>\n<td>\n<h2>Lampadaires solaires <strong>Sunna Design UP<\/strong><\/h2>\n<\/td>\n<\/tr>\n<tr id=\"rang-prod\">\n<td>\n<h3>Documentation techniques \u00e0 t\u00e9l\u00e9charger<\/h3>\n<div class=\"separator-orange\"><\/div>\n<p>        <a href=\"http:\/\/pdf.capenergie.fr\/doc-site-isole\/sunna-design_UP1.pdf\" title=\"lampadaire solaire urbain\" target=\"_blank\" rel=\"noopener noreferrer\"><\/p>\n<div id=\"doc-pdf\"><\/div>\n<p>Lampadaire solaire urbain UP 1<\/a>\n        <\/td>\n<\/tr>\n<tr id=\"rang-prod\">\n<td>\n<div class=\"separator-orange\"><\/div>\n<p>        <a href=\"http:\/\/pdf.capenergie.fr\/doc-site-isole\/sunna-design_UP2.pdf\" title=\"lampadaire solaire urbain\" target=\"_blank\" rel=\"noopener noreferrer\"><\/p>\n<div id=\"doc-pdf\"><\/div>\n<p>Lampadaire solaire urbain UP 2<\/a>\n        <\/td>\n<\/tr>\n<\/table>\n<h2><strong>Sunna Design Maxi 4<\/strong><br \/>\nEclairage public solaire LED exterieur<\/h2>\n<div style=\"float:right; margin-left:15px; margin-top:5px; margin-bottom:15px\"><img loading=\"lazy\" decoding=\"async\" alt=\"lampadaire solaire leroy merlin castorama\" src=\"http:\/\/images.capenergie.fr\/produit\/site-isole\/eclairage\/sunna-design-issl-maxi-4-area.jpg\" width=\"150\" height=\"250\" \/><\/div>\n<p><strong>Caract\u00e9ristiques :<\/strong><br \/>\n  &#8226; Flux lumineux: 6400 lumens<br \/>\n  &#8226; Couleur de lumi\u00e8re : 5700 K<br \/>\n&#8226; Efficacit\u00e9 d&rsquo;\u00e9clairage: 164 Lumen \/ Watt<br \/>\n&#8226; Panneau photovolta\u00efque: silicium polycristallin<br \/>\n&#8226; Batterie: 120 Wh NiMH<br \/>\n&#8226; Garantie : 6 ans<br \/>\n&#8226; Hauteur du m\u00e2t : 6 \u00e0 8 m\u00e8tres<\/p>\n<p><strong>Avantages et applications :<\/strong><br \/>\n  &#8226; \u00c9clairage routier ou zone \u00e0 forte intensit\u00e9 d\u2019\u00e9clairage<br \/>\n  &#8226; Syst\u00e8me simple et fiable<br \/>\n  &#8226; Co\u00fbt de maintenance tr\u00e8s faible (Compatible Bluetooth pour  le contr\u00f4le \u00e0 distance,  le diagnostic et la r\u00e9solution  d&rsquo;\u00e9ventuelle d\u00e9faillance, la gestion  des modes d&rsquo;\u00e9clairage&#8230;)  <br \/>\n  &#8226; Made in France<br \/>\n  &#8226; <strong>Eclairage solaire puissant<\/strong><br \/>\n  &#8226; <strong>Eclairage exterieur solaire professionnel<\/strong> (installation simplifi\u00e9e en Plug &amp; Play)<br \/>\n&#8226; <strong>Eclairage public solaire autonome<\/strong><br \/>\n&#8226; R\u00e9siste \u00e0 des temp\u00e9ratures \u00e9lev\u00e9es<br \/>\n&#8226; Made in France<\/p>\n<table width=\"100%\" border=\"0\" cellspacing=\"0\" cellpadding=\"5\">\n<tr>\n<td>\n<h2>Lampadaires solaires <strong> Sunna Design Maxi 4<\/strong><\/h2>\n<\/td>\n<\/tr>\n<tr id=\"rang-prod\">\n<td>\n<h3>Documentation techniques \u00e0 t\u00e9l\u00e9charger<\/h3>\n<div class=\"separator-orange\"><\/div>\n<p>        <a href=\"http:\/\/pdf.capenergie.fr\/doc-site-isole\/sunna-design_iSSL_maxi4.pdf\" title=\"lampadaire solaire urbain\" target=\"_blank\" rel=\"noopener noreferrer\"><\/p>\n<div id=\"doc-pdf\"><\/div>\n<p>Lampadaire solaire urbain<\/a>\n        <\/td>\n<\/tr>\n<\/table>\n","protected":false},"excerpt":{"rendered":"<p>Capenergie officiellement distributeur de syst\u00e8me d&rsquo;\u00e9clairage public photovolta\u00efque compos\u00e9 d&rsquo;une gamme de lampadaire solaire puissant, fiable et robuste. Dimensionn\u00e9e pour offrir un \u00e9clairage tout au long de la nuit, la gamme de lampadaire solaire \u00e9clairage public Sunna Design propos\u00e9e par Capenergie offre une solutions \u00e9cologique et \u00e9conomique aux municipalit\u00e9s souhaitant r\u00e9duire les co\u00fbt d&rsquo;\u00e9lectricit\u00e9, d&rsquo;installation&hellip;&nbsp;<a href=\"http:\/\/www.capenergie.fr\/catalogue\/eclairage-photovoltaique.html\" rel=\"bookmark\"><span class=\"screen-reader-text\">Eclairage photovolta\u00efque<\/span><\/a><\/p>\n","protected":false},"author":1,"featured_media":0,"parent":0,"menu_order":0,"comment_status":"closed","ping_status":"closed","template":"","meta":{"neve_meta_sidebar":"","neve_meta_container":"","neve_meta_enable_content_width":"","neve_meta_content_width":0,"neve_meta_title_alignment":"","neve_meta_author_avatar":"","neve_post_elements_order":"","neve_meta_disable_header":"","neve_meta_disable_footer":"","neve_meta_disable_title":"","ngg_post_thumbnail":0,"_themeisle_gutenberg_block_has_review":false,"footnotes":""},"class_list":["post-453","page","type-page","status-publish","hentry"],"yoast_head":"<!-- This site is optimized with the Yoast SEO plugin v27.3 - https:\/\/yoast.com\/product\/yoast-seo-wordpress\/ -->\n<title>Distributeur Eclairage photovolta\u00efque public - Lampadaire solaire urbain<\/title>\n<meta name=\"description\" content=\"Capenergie distributeur fournisseur \u00c9clairage photovolta\u00efque propose lampadaire solaire public et urbain lampadaire solaire et \u00e9clairage ext\u00e9rieur solaire professionnel\" \/>\n<meta name=\"robots\" content=\"index, follow, max-snippet:-1, max-image-preview:large, max-video-preview:-1\" \/>\n<link rel=\"canonical\" href=\"http:\/\/www.capenergie.fr\/catalogue\/eclairage-photovoltaique.html\" \/>\n<meta property=\"og:locale\" content=\"fr_FR\" \/>\n<meta property=\"og:type\" content=\"article\" \/>\n<meta property=\"og:title\" content=\"Distributeur Eclairage photovolta\u00efque public - Lampadaire solaire urbain\" \/>\n<meta property=\"og:description\" content=\"Capenergie distributeur fournisseur \u00c9clairage photovolta\u00efque propose lampadaire solaire public et urbain lampadaire solaire et \u00e9clairage ext\u00e9rieur solaire professionnel\" \/>\n<meta property=\"og:url\" content=\"http:\/\/www.capenergie.fr\/catalogue\/eclairage-photovoltaique.html\" \/>\n<meta property=\"article:modified_time\" content=\"2021-07-15T09:42:58+00:00\" \/>\n<meta property=\"og:image\" content=\"http:\/\/images.capenergie.fr\/produit\/site-isole\/eclairage\/lampadaire.jpg\" \/>\n<meta name=\"twitter:label1\" content=\"Dur\u00e9e de lecture estim\u00e9e\" \/>\n\t<meta name=\"twitter:data1\" content=\"4 minutes\" \/>\n<script type=\"application\/ld+json\" class=\"yoast-schema-graph\">{\"@context\":\"https:\\\/\\\/schema.org\",\"@graph\":[{\"@type\":\"WebPage\",\"@id\":\"http:\\\/\\\/www.capenergie.fr\\\/catalogue\\\/eclairage-photovoltaique.html\",\"url\":\"http:\\\/\\\/www.capenergie.fr\\\/catalogue\\\/eclairage-photovoltaique.html\",\"name\":\"Distributeur Eclairage photovolta\u00efque public - Lampadaire solaire urbain\",\"isPartOf\":{\"@id\":\"http:\\\/\\\/www.capenergie.fr\\\/catalogue\\\/#website\"},\"primaryImageOfPage\":{\"@id\":\"http:\\\/\\\/www.capenergie.fr\\\/catalogue\\\/eclairage-photovoltaique.html#primaryimage\"},\"image\":{\"@id\":\"http:\\\/\\\/www.capenergie.fr\\\/catalogue\\\/eclairage-photovoltaique.html#primaryimage\"},\"thumbnailUrl\":\"http:\\\/\\\/images.capenergie.fr\\\/produit\\\/site-isole\\\/eclairage\\\/lampadaire.jpg\",\"datePublished\":\"2012-12-04T11:23:33+00:00\",\"dateModified\":\"2021-07-15T09:42:58+00:00\",\"description\":\"Capenergie distributeur fournisseur \u00c9clairage photovolta\u00efque propose lampadaire solaire public et urbain lampadaire solaire et \u00e9clairage ext\u00e9rieur solaire professionnel\",\"breadcrumb\":{\"@id\":\"http:\\\/\\\/www.capenergie.fr\\\/catalogue\\\/eclairage-photovoltaique.html#breadcrumb\"},\"inLanguage\":\"fr-FR\",\"potentialAction\":[{\"@type\":\"ReadAction\",\"target\":[\"http:\\\/\\\/www.capenergie.fr\\\/catalogue\\\/eclairage-photovoltaique.html\"]}]},{\"@type\":\"ImageObject\",\"inLanguage\":\"fr-FR\",\"@id\":\"http:\\\/\\\/www.capenergie.fr\\\/catalogue\\\/eclairage-photovoltaique.html#primaryimage\",\"url\":\"http:\\\/\\\/images.capenergie.fr\\\/produit\\\/site-isole\\\/eclairage\\\/lampadaire.jpg\",\"contentUrl\":\"http:\\\/\\\/images.capenergie.fr\\\/produit\\\/site-isole\\\/eclairage\\\/lampadaire.jpg\"},{\"@type\":\"BreadcrumbList\",\"@id\":\"http:\\\/\\\/www.capenergie.fr\\\/catalogue\\\/eclairage-photovoltaique.html#breadcrumb\",\"itemListElement\":[{\"@type\":\"ListItem\",\"position\":1,\"name\":\"Accueil\",\"item\":\"http:\\\/\\\/www.capenergie.fr\\\/catalogue\\\/\"},{\"@type\":\"ListItem\",\"position\":2,\"name\":\"Eclairage photovolta\u00efque\"}]},{\"@type\":\"WebSite\",\"@id\":\"http:\\\/\\\/www.capenergie.fr\\\/catalogue\\\/#website\",\"url\":\"http:\\\/\\\/www.capenergie.fr\\\/catalogue\\\/\",\"name\":\"\",\"description\":\"\",\"potentialAction\":[{\"@type\":\"SearchAction\",\"target\":{\"@type\":\"EntryPoint\",\"urlTemplate\":\"http:\\\/\\\/www.capenergie.fr\\\/catalogue\\\/?s={search_term_string}\"},\"query-input\":{\"@type\":\"PropertyValueSpecification\",\"valueRequired\":true,\"valueName\":\"search_term_string\"}}],\"inLanguage\":\"fr-FR\"}]}<\/script>\n<!-- \/ Yoast SEO plugin. -->","yoast_head_json":{"title":"Distributeur Eclairage photovolta\u00efque public - Lampadaire solaire urbain","description":"Capenergie distributeur fournisseur \u00c9clairage photovolta\u00efque propose lampadaire solaire public et urbain lampadaire solaire et \u00e9clairage ext\u00e9rieur solaire professionnel","robots":{"index":"index","follow":"follow","max-snippet":"max-snippet:-1","max-image-preview":"max-image-preview:large","max-video-preview":"max-video-preview:-1"},"canonical":"http:\/\/www.capenergie.fr\/catalogue\/eclairage-photovoltaique.html","og_locale":"fr_FR","og_type":"article","og_title":"Distributeur Eclairage photovolta\u00efque public - Lampadaire solaire urbain","og_description":"Capenergie distributeur fournisseur \u00c9clairage photovolta\u00efque propose lampadaire solaire public et urbain lampadaire solaire et \u00e9clairage ext\u00e9rieur solaire professionnel","og_url":"http:\/\/www.capenergie.fr\/catalogue\/eclairage-photovoltaique.html","article_modified_time":"2021-07-15T09:42:58+00:00","og_image":[{"url":"http:\/\/images.capenergie.fr\/produit\/site-isole\/eclairage\/lampadaire.jpg","type":"","width":"","height":""}],"twitter_misc":{"Dur\u00e9e de lecture estim\u00e9e":"4 minutes"},"schema":{"@context":"https:\/\/schema.org","@graph":[{"@type":"WebPage","@id":"http:\/\/www.capenergie.fr\/catalogue\/eclairage-photovoltaique.html","url":"http:\/\/www.capenergie.fr\/catalogue\/eclairage-photovoltaique.html","name":"Distributeur Eclairage photovolta\u00efque public - Lampadaire solaire urbain","isPartOf":{"@id":"http:\/\/www.capenergie.fr\/catalogue\/#website"},"primaryImageOfPage":{"@id":"http:\/\/www.capenergie.fr\/catalogue\/eclairage-photovoltaique.html#primaryimage"},"image":{"@id":"http:\/\/www.capenergie.fr\/catalogue\/eclairage-photovoltaique.html#primaryimage"},"thumbnailUrl":"http:\/\/images.capenergie.fr\/produit\/site-isole\/eclairage\/lampadaire.jpg","datePublished":"2012-12-04T11:23:33+00:00","dateModified":"2021-07-15T09:42:58+00:00","description":"Capenergie distributeur fournisseur \u00c9clairage photovolta\u00efque propose lampadaire solaire public et urbain lampadaire solaire et \u00e9clairage ext\u00e9rieur solaire professionnel","breadcrumb":{"@id":"http:\/\/www.capenergie.fr\/catalogue\/eclairage-photovoltaique.html#breadcrumb"},"inLanguage":"fr-FR","potentialAction":[{"@type":"ReadAction","target":["http:\/\/www.capenergie.fr\/catalogue\/eclairage-photovoltaique.html"]}]},{"@type":"ImageObject","inLanguage":"fr-FR","@id":"http:\/\/www.capenergie.fr\/catalogue\/eclairage-photovoltaique.html#primaryimage","url":"http:\/\/images.capenergie.fr\/produit\/site-isole\/eclairage\/lampadaire.jpg","contentUrl":"http:\/\/images.capenergie.fr\/produit\/site-isole\/eclairage\/lampadaire.jpg"},{"@type":"BreadcrumbList","@id":"http:\/\/www.capenergie.fr\/catalogue\/eclairage-photovoltaique.html#breadcrumb","itemListElement":[{"@type":"ListItem","position":1,"name":"Accueil","item":"http:\/\/www.capenergie.fr\/catalogue\/"},{"@type":"ListItem","position":2,"name":"Eclairage photovolta\u00efque"}]},{"@type":"WebSite","@id":"http:\/\/www.capenergie.fr\/catalogue\/#website","url":"http:\/\/www.capenergie.fr\/catalogue\/","name":"","description":"","potentialAction":[{"@type":"SearchAction","target":{"@type":"EntryPoint","urlTemplate":"http:\/\/www.capenergie.fr\/catalogue\/?s={search_term_string}"},"query-input":{"@type":"PropertyValueSpecification","valueRequired":true,"valueName":"search_term_string"}}],"inLanguage":"fr-FR"}]}},"_links":{"self":[{"href":"http:\/\/www.capenergie.fr\/catalogue\/wp-json\/wp\/v2\/pages\/453","targetHints":{"allow":["GET"]}}],"collection":[{"href":"http:\/\/www.capenergie.fr\/catalogue\/wp-json\/wp\/v2\/pages"}],"about":[{"href":"http:\/\/www.capenergie.fr\/catalogue\/wp-json\/wp\/v2\/types\/page"}],"author":[{"embeddable":true,"href":"http:\/\/www.capenergie.fr\/catalogue\/wp-json\/wp\/v2\/users\/1"}],"replies":[{"embeddable":true,"href":"http:\/\/www.capenergie.fr\/catalogue\/wp-json\/wp\/v2\/comments?post=453"}],"version-history":[{"count":40,"href":"http:\/\/www.capenergie.fr\/catalogue\/wp-json\/wp\/v2\/pages\/453\/revisions"}],"predecessor-version":[{"id":4615,"href":"http:\/\/www.capenergie.fr\/catalogue\/wp-json\/wp\/v2\/pages\/453\/revisions\/4615"}],"wp:attachment":[{"href":"http:\/\/www.capenergie.fr\/catalogue\/wp-json\/wp\/v2\/media?parent=453"}],"curies":[{"name":"wp","href":"https:\/\/api.w.org\/{rel}","templated":true}]}}