{"id":431,"date":"2012-12-04T10:25:27","date_gmt":"2012-12-04T09:25:27","guid":{"rendered":"http:\/\/www.capenergie.fr\/catalogue3\/?page_id=431"},"modified":"2016-08-31T13:05:12","modified_gmt":"2016-08-31T11:05:12","slug":"installation-solaire-autonome","status":"publish","type":"page","link":"http:\/\/www.capenergie.fr\/catalogue\/site-isole\/installation-solaire-autonome.html","title":{"rendered":"Installation solaire autonome"},"content":{"rendered":"<p><strong>Un syst\u00e8me maison <a href=\"\/catalogue\/site-isole.html\" title=\"solaire site isol\u00e9\">solaire site isol\u00e9<\/a> type est compos\u00e9<\/strong> d&rsquo;un r\u00e9gulateur de charge solaire, d&rsquo;un ou de   plusieurs modules photovolta\u00efques, de batteries et de consommables comme   des ampoules \u00e9lectriques, une pompe \u00e0 eau, un poste de t\u00e9l\u00e9vision&#8230;<br \/>\nCi-dessous tous les produits <a href=\"\/\" title=\"site isol\u00e9\">site isol\u00e9<\/a> Cap Energie pour composer une <a href=\"\/catalogue\/site-isole.html\" title=\"installation solaire autonome\">installation solaire autonome<\/a> simple \u00e0 l&rsquo;installation <strong>site isol\u00e9 photovolta\u00efque autonome<\/strong> la plus \u00e9volu\u00e9e et performante.<br \/>\nPour un conseil sur le dimensionnement : info(AT)capenergie.fr<\/p>\n<div class=\"extrait-article\">\n<h2><a href=\"http:\/\/www.capenergie.fr\/catalogue\/site-isole\/installation-solaire-autonome\/kits-solaires-autonomes.html\" rel=\"bookmark\" title=\"kits solaires autonomes\">kits solaires autonomes<\/a><\/h2>\n<p> <img loading=\"lazy\" decoding=\"async\" class=\"img-article\" title=\"kits solaires autonomes\" src=\"http:\/\/images.capenergie.fr\/produit\/site-isole\/installation-solaire-autonome\/kits-solaires-autonomes.jpg\" alt=\"kits solaires autonomes\" width=\"125\" height=\"125\" \/><\/p>\n<p>Cap Energie officiellement distributeur de kits solaires autonomes depuis ses d\u00e9buts offre une gamme de kits de qualit\u00e9 sans comparaison.<br \/>\n La gamme de Kits solaires autonomes pr\u00e9-dimensionn\u00e9s est \u00e9tudi\u00e9e pour fonctionner sur le bassin m\u00e9dit\u00e9rran\u00e9en mais peut \u00eatre adapt\u00e9e \u00e0 tout autres secteurs g\u00e9ographiques (&#8230;)<\/p>\n<div id=\"butt\" class=\"butt-prod1\" align=\"center\"><a href=\"http:\/\/www.capenergie.fr\/catalogue\/site-isole\/installation-solaire-autonome\/kits-solaires-autonomes.html\" rel=\"bookmark\" title=\"kits solaires autonomes\">Lire la suite<\/a><\/div>\n<\/div>\n<div class=\"extrait-article\">\n<h2><a href=\"http:\/\/www.capenergie.fr\/catalogue\/site-isole\/installation-solaire-autonome\/panneau-solaire-autonome.html\" rel=\"bookmark\" title=\"panneau solaire autonome &#8211; site isol\u00e9\">panneau solaire autonome &#8211; site isol\u00e9<\/a><\/h2>\n<p> <img loading=\"lazy\" decoding=\"async\" class=\"img-article\" title=\"panneau solaire autonome &#8211; site isol\u00e9\" src=\"http:\/\/images.capenergie.fr\/produit\/site-isole\/installation-solaire-autonome\/panneau-solaire-autonome.jpg\" alt=\"panneau solaire autonome &#8211; site isol\u00e9\" width=\"125\" height=\"125\" \/><\/p>\n<p>Cap Energie officiellement distributeur de panneau solaire pour site isol\u00e9 offre une gamme compl\u00e8te pour les installations solaires autonomes.<br \/>\n La gamme de panneaux solaires autonome d\u00e9di\u00e9e au site isol\u00e9 est compos\u00e9e de panneaux photovolta\u00efques 12V ou 24 V de marque Istar Solar, ET Solar, Kyocera et Sharp dont l&rsquo;\u00e9vantail  (&#8230;)<\/p>\n<div id=\"butt\" class=\"butt-prod1\" align=\"center\"><a href=\"http:\/\/www.capenergie.fr\/catalogue\/site-isole\/installation-solaire-autonome\/panneau-solaire-autonome.html\" rel=\"bookmark\" title=\"panneau solaire autonome &#8211; site isol\u00e9\">Lire la suite<\/a><\/div>\n<\/div>\n<div class=\"extrait-article\">\n<h2><a href=\"http:\/\/www.capenergie.fr\/catalogue\/site-isole\/installation-solaire-autonome\/fixation-solaire-autonome.html\" rel=\"bookmark\" title=\"Fixation solaire autonome &#8211; site isol\u00e9\">Fixation solaire autonome &#8211; site isol\u00e9<\/a><\/h2>\n<p> <img loading=\"lazy\" decoding=\"async\" class=\"img-article\" title=\"Fixation solaire autonome &#8211; site isol\u00e9\" src=\"http:\/\/images.capenergie.fr\/produit\/site-isole\/installation-solaire-autonome\/fixations-solaire-autonome.png\" alt=\"Fixation solaire autonome &#8211; site isol\u00e9\" width=\"125\" height=\"125\" \/><\/p>\n<p>Cap Energie officiellement distributeur de syst\u00e8mes de fixation pour solaire pour site isol\u00e9 offre une gamme compl\u00e8te de structures.<br \/>\n En aluminium sur impos\u00e9, en brise soleil ou encore sur forme de Tracker, Cap Energie propose diverse solution pour fixer les panneau solaire pour installation photovolta\u00efque en site isol\u00e9. Les syst\u00e8mes  (&#8230;)<\/p>\n<div id=\"butt\" class=\"butt-prod1\" align=\"center\"><a href=\"http:\/\/www.capenergie.fr\/catalogue\/site-isole\/installation-solaire-autonome\/fixation-solaire-autonome.html\" rel=\"bookmark\" title=\"Fixation solaire autonome &#8211; site isol\u00e9\">Lire la suite<\/a><\/div>\n<\/div>\n<div class=\"extrait-article\">\n<h2><a href=\"http:\/\/www.capenergie.fr\/catalogue\/site-isole\/installation-solaire-autonome\/regulateur-de-charge.html\" rel=\"bookmark\" title=\"R\u00e9gulateur de Charge &#8211; site isol\u00e9\">R\u00e9gulateur de Charge &#8211; site isol\u00e9<\/a><\/h2>\n<p> <img loading=\"lazy\" decoding=\"async\" loading=\"lazy\" class=\"img-article\" title=\"R\u00e9gulateur de Charge &#8211; site isol\u00e9\" src=\"http:\/\/images.capenergie.fr\/produit\/site-isole\/installation-solaire-autonome\/regulateur.jpg\" alt=\"R\u00e9gulateur de Charge &#8211; site isol\u00e9\" width=\"125\" height=\"125\" \/><\/p>\n<p>Cap Energie officiellement distributeur de r\u00e9gulateur de Charge pour site isol\u00e9 pour installations solaires autonomes.<br \/>\n Indispensable pour les installations solaire site isol\u00e9, le r\u00e9gulateur de charge permet de r\u00e9guler la tension en fonction de la charge et du voltage des batteries et d&rsquo;am\u00e9liorer ainsi la dur\u00e9e de vie  (&#8230;)<\/p>\n<div id=\"butt\" class=\"butt-prod1\" align=\"center\"><a href=\"http:\/\/www.capenergie.fr\/catalogue\/site-isole\/installation-solaire-autonome\/regulateur-de-charge.html\" rel=\"bookmark\" title=\"R\u00e9gulateur de Charge &#8211; site isol\u00e9\">Lire la suite<\/a><\/div>\n<\/div>\n<div class=\"extrait-article\">\n<h2><a href=\"http:\/\/www.capenergie.fr\/catalogue\/site-isole\/installation-solaire-autonome\/chargeur-de-batterie.html\" rel=\"bookmark\" title=\"Chargeur de batterie\">Chargeur de batterie<\/a><\/h2>\n<p><img loading=\"lazy\" decoding=\"async\" loading=\"lazy\" class=\"img-article\" title=\"Chargeur de batterie\" src=\"http:\/\/images.capenergie.fr\/produit\/site-isole\/installation-solaire-autonome\/chargeur.jpg\" alt=\"Chargeur de batterie\" width=\"125\" height=\"125\" \/><\/p>\n<p>Cap Energie officiellement distributeur de Chargeur batterie pour site isol\u00e9 solaires autonomes.<br \/>\nCon\u00e7u pour un usage ext\u00e9rieur, la gamme de chargeur de batteries site isol\u00e9 est pourvue de la norme IP65 et permettant de charger \u00e0 partir d&rsquo;une source de courant alternantif et sans surcharge, les batteries au plomb ainsi que   (&#8230;)<\/p>\n<div id=\"butt\" class=\"butt-prod1\" align=\"center\"><a href=\"http:\/\/www.capenergie.fr\/catalogue\/site-isole\/installation-solaire-autonome\/chargeur-de-batterie.html\" rel=\"bookmark\" title=\"Chargeur de batterie\">Lire la suite<\/a><\/div>\n<\/div>\n<div class=\"extrait-article\">\n<h2><a href=\"http:\/\/www.capenergie.fr\/catalogue\/site-isole\/installation-solaire-autonome\/batterie.html\" rel=\"bookmark\" title=\"Batterie pour site isol\u00e9\">Batterie pour site isol\u00e9<\/a><\/h2>\n<p><img loading=\"lazy\" decoding=\"async\" loading=\"lazy\" class=\"img-article\" title=\"Batterie pour site isol\u00e9\" src=\"http:\/\/images.capenergie.fr\/produit\/site-isole\/installation-solaire-autonome\/batterie.jpg\" alt=\"Batterie pour site isol\u00e9\" width=\"125\" height=\"125\" \/><\/p>\n<p>Cap Energie officiellement distributeur de batterie pour site isol\u00e9 solaires autonomes.<br \/>\nToute installation site isol\u00e9 utilise une ou des batteries solaires autonome pour stocker l&rsquo;\u00e9nergie produite par panneaux photovolta\u00efques site isol\u00e9 ou petite \u00e9olienne. Cap Energie propose une gamme de batteries pour    (&#8230;)<\/p>\n<div id=\"butt\" class=\"butt-prod1\" align=\"center\"><a href=\"http:\/\/www.capenergie.fr\/catalogue\/site-isole\/installation-solaire-autonome\/batterie.html\" rel=\"bookmark\" title=\"Batterie pour site isol\u00e9\">Lire la suite<\/a><\/div>\n<\/div>\n<div class=\"extrait-article\">\n<h2><a href=\"http:\/\/www.capenergie.fr\/catalogue\/site-isole\/installation-solaire-autonome\/onduleur-chargeur.html\" rel=\"bookmark\" title=\"Onduleur Chargeur site isol\u00e9\">Onduleur Chargeur site isol\u00e9<\/a><\/h2>\n<p><img loading=\"lazy\" decoding=\"async\" loading=\"lazy\" class=\"img-article\" title=\"Onduleur Chargeur site isol\u00e9\" src=\"http:\/\/images.capenergie.fr\/produit\/site-isole\/installation-solaire-autonome\/onduleur-chargeur.png\" alt=\"Onduleur Chargeur site isol\u00e9\" width=\"125\" height=\"125\" \/><\/p>\n<p>Cap Energie officiellement distributeur d&rsquo; Onduleur Chargeur pour site isol\u00e9 pour installations solaires autonomes.<br \/>\nLe r\u00f4le de l&rsquo;onduleur et onduleur chargeur site isol\u00e9 pour une installation solaire site isol\u00e9 consiste \u00e0 transformer le courant continu en sortie de batterie en courant alternatif pour une utilisation avec divers \u00e9quipement  (&#8230;)<\/p>\n<div id=\"butt\" class=\"butt-prod1\" align=\"center\"><a href=\"http:\/\/www.capenergie.fr\/catalogue\/site-isole\/installation-solaire-autonome\/onduleur-chargeur.html\" rel=\"bookmark\" title=\"Onduleur Chargeur site isol\u00e9\">Lire la suite<\/a><\/div>\n<\/div>\n<div class=\"extrait-article\">\n<h2><a href=\"http:\/\/www.capenergie.fr\/catalogue\/site-isole\/installation-solaire-autonome\/protection-dc-armoire.html\" rel=\"bookmark\" title=\"Protection DC, Armoire et  Boite de jonction\">Protection DC, Armoire et  Boite de jonction<\/a><\/h2>\n<p><img loading=\"lazy\" decoding=\"async\" loading=\"lazy\" class=\"img-article\" title=\"Protection DC, Armoire et  Boite de jonction\" src=\"http:\/\/images.capenergie.fr\/produit\/site-isole\/installation-solaire-autonome\/armoire-protection-site-isole.jpg\" alt=\"Protection DC, Armoire et  Boite de jonction\" width=\"125\" height=\"125\" \/><\/p>\n<p>Cap Energie con\u00e7oit et distribue des solutions de protection DC pour syst\u00e8me site isol\u00e9  solaires autonomes.<br \/>\n  Con\u00e7u pour un usage int\u00e9rieur, le Coffret Ahlem protection DC pour installation solaire  site isol\u00e9 est pourvue de la norme IP20 et permet d&rsquo;accueillir  (&#8230;)<\/p>\n<div id=\"butt\" class=\"butt-prod1\" align=\"center\"><a href=\"http:\/\/www.capenergie.fr\/catalogue\/site-isole\/installation-solaire-autonome\/protection-dc-armoire.html\" rel=\"bookmark\" title=\"Protection DC, Armoire et  Boite de jonction\">Lire la suite<\/a><\/div>\n<\/div>\n<div class=\"extrait-article\">\n<h2><a href=\"http:\/\/www.capenergie.fr\/catalogue\/site-isole\/installation-solaire-autonome\/consommable-site-isole.html\" rel=\"bookmark\" title=\"Recepteur site isol\u00e9 et consommable solaire autonome\">Recepteur site isol\u00e9 et consommable solaire autonome<\/a><\/h2>\n<p><img loading=\"lazy\" decoding=\"async\" loading=\"lazy\" class=\"img-article\" title=\"Recepteur site isol\u00e9 et consommable solaire autonome\" src=\"http:\/\/images.capenergie.fr\/produit\/site-isole\/installation-solaire-autonome\/consommable.png\" alt=\"Recepteur site isol\u00e9 et consommable solaire autonome\" width=\"125\" height=\"125\" \/><\/p>\n<p>Cap Energie officiellement distributeur de r\u00e9cepteur pour site isol\u00e9, produit consommable pour installation solaire autonome.<br \/>\nCap Energie Leader de la commercialisation d&rsquo;\u00e9quipement pour site isol\u00e9, distribue une gamme sp\u00e9cifique de r\u00e9cepteurs \u00e0 faible consommation \u00e9lectrique pour site isol\u00e9 et installation solaire autonome. Cette famille de    (&#8230;)<\/p>\n<div id=\"butt\" class=\"butt-prod1\" align=\"center\"><a href=\"http:\/\/www.capenergie.fr\/catalogue\/site-isole\/installation-solaire-autonome\/consommable-site-isole.html\" rel=\"bookmark\" title=\"Recepteur site isol\u00e9 et consommable solaire autonome\">Lire la suite<\/a><\/div>\n<\/div>\n","protected":false},"excerpt":{"rendered":"<p>Un syst\u00e8me maison solaire site isol\u00e9 type est compos\u00e9 d&rsquo;un r\u00e9gulateur de charge solaire, d&rsquo;un ou de plusieurs modules photovolta\u00efques, de batteries et de consommables comme des ampoules \u00e9lectriques, une pompe \u00e0 eau, un poste de t\u00e9l\u00e9vision&#8230; Ci-dessous tous les produits site isol\u00e9 Cap Energie pour composer une installation solaire autonome simple \u00e0 l&rsquo;installation site&hellip;&nbsp;<a href=\"http:\/\/www.capenergie.fr\/catalogue\/site-isole\/installation-solaire-autonome\/consommable-site-isole.html\" rel=\"bookmark\"><span class=\"screen-reader-text\">Recepteur site isol\u00e9 et consommable solaire autonome<\/span><\/a><\/p>\n","protected":false},"author":1,"featured_media":0,"parent":84,"menu_order":0,"comment_status":"closed","ping_status":"closed","template":"","meta":{"neve_meta_sidebar":"","neve_meta_container":"","neve_meta_enable_content_width":"","neve_meta_content_width":0,"neve_meta_title_alignment":"","neve_meta_author_avatar":"","neve_post_elements_order":"","neve_meta_disable_header":"","neve_meta_disable_footer":"","neve_meta_disable_title":"","ngg_post_thumbnail":0,"_themeisle_gutenberg_block_has_review":false,"footnotes":""},"class_list":["post-431","page","type-page","status-publish","hentry"],"yoast_head":"<!-- This site is optimized with the Yoast SEO plugin v27.5 - https:\/\/yoast.com\/product\/yoast-seo-wordpress\/ -->\n<title>Installation solaire autonome - site isol\u00e9<\/title>\n<meta name=\"description\" content=\"Installation solaire autonome, un syst\u00e8me maison solaire site isol\u00e9 type installation solaire autonome est compos\u00e9 d&#039;un r\u00e9gulateur de charge solaire, d&#039;un ou de plusieurs modules photovolta\u00efques\" \/>\n<meta name=\"robots\" content=\"index, follow, max-snippet:-1, max-image-preview:large, max-video-preview:-1\" \/>\n<link rel=\"canonical\" href=\"http:\/\/www.capenergie.fr\/catalogue\/site-isole\/installation-solaire-autonome.html\" \/>\n<meta property=\"og:locale\" content=\"fr_FR\" \/>\n<meta property=\"og:type\" content=\"article\" \/>\n<meta property=\"og:title\" content=\"Installation solaire autonome - site isol\u00e9\" \/>\n<meta property=\"og:description\" content=\"Installation solaire autonome, un syst\u00e8me maison solaire site isol\u00e9 type installation solaire autonome est compos\u00e9 d&#039;un r\u00e9gulateur de charge solaire, d&#039;un ou de plusieurs modules photovolta\u00efques\" \/>\n<meta property=\"og:url\" content=\"http:\/\/www.capenergie.fr\/catalogue\/site-isole\/installation-solaire-autonome.html\" \/>\n<meta property=\"article:modified_time\" content=\"2016-08-31T11:05:12+00:00\" \/>\n<script type=\"application\/ld+json\" class=\"yoast-schema-graph\">{\"@context\":\"https:\\\/\\\/schema.org\",\"@graph\":[{\"@type\":\"WebPage\",\"@id\":\"http:\\\/\\\/www.capenergie.fr\\\/catalogue\\\/site-isole\\\/installation-solaire-autonome.html\",\"url\":\"http:\\\/\\\/www.capenergie.fr\\\/catalogue\\\/site-isole\\\/installation-solaire-autonome.html\",\"name\":\"Installation solaire autonome - site isol\u00e9\",\"isPartOf\":{\"@id\":\"https:\\\/\\\/www.capenergie.fr\\\/catalogue\\\/#website\"},\"datePublished\":\"2012-12-04T09:25:27+00:00\",\"dateModified\":\"2016-08-31T11:05:12+00:00\",\"description\":\"Installation solaire autonome, un syst\u00e8me maison solaire site isol\u00e9 type installation solaire autonome est compos\u00e9 d'un r\u00e9gulateur de charge solaire, d'un ou de plusieurs modules photovolta\u00efques\",\"breadcrumb\":{\"@id\":\"http:\\\/\\\/www.capenergie.fr\\\/catalogue\\\/site-isole\\\/installation-solaire-autonome.html#breadcrumb\"},\"inLanguage\":\"fr-FR\",\"potentialAction\":[{\"@type\":\"ReadAction\",\"target\":[\"http:\\\/\\\/www.capenergie.fr\\\/catalogue\\\/site-isole\\\/installation-solaire-autonome.html\"]}]},{\"@type\":\"BreadcrumbList\",\"@id\":\"http:\\\/\\\/www.capenergie.fr\\\/catalogue\\\/site-isole\\\/installation-solaire-autonome.html#breadcrumb\",\"itemListElement\":[{\"@type\":\"ListItem\",\"position\":1,\"name\":\"Accueil\",\"item\":\"https:\\\/\\\/www.capenergie.fr\\\/catalogue\\\/\"},{\"@type\":\"ListItem\",\"position\":2,\"name\":\"Equipements pour site isol\u00e9\",\"item\":\"https:\\\/\\\/www.capenergie.fr\\\/catalogue\\\/site-isole.html\"},{\"@type\":\"ListItem\",\"position\":3,\"name\":\"Installation solaire autonome\"}]},{\"@type\":\"WebSite\",\"@id\":\"https:\\\/\\\/www.capenergie.fr\\\/catalogue\\\/#website\",\"url\":\"https:\\\/\\\/www.capenergie.fr\\\/catalogue\\\/\",\"name\":\"\",\"description\":\"\",\"potentialAction\":[{\"@type\":\"SearchAction\",\"target\":{\"@type\":\"EntryPoint\",\"urlTemplate\":\"https:\\\/\\\/www.capenergie.fr\\\/catalogue\\\/?s={search_term_string}\"},\"query-input\":{\"@type\":\"PropertyValueSpecification\",\"valueRequired\":true,\"valueName\":\"search_term_string\"}}],\"inLanguage\":\"fr-FR\"}]}<\/script>\n<!-- \/ Yoast SEO plugin. -->","yoast_head_json":{"title":"Installation solaire autonome - site isol\u00e9","description":"Installation solaire autonome, un syst\u00e8me maison solaire site isol\u00e9 type installation solaire autonome est compos\u00e9 d'un r\u00e9gulateur de charge solaire, d'un ou de plusieurs modules photovolta\u00efques","robots":{"index":"index","follow":"follow","max-snippet":"max-snippet:-1","max-image-preview":"max-image-preview:large","max-video-preview":"max-video-preview:-1"},"canonical":"http:\/\/www.capenergie.fr\/catalogue\/site-isole\/installation-solaire-autonome.html","og_locale":"fr_FR","og_type":"article","og_title":"Installation solaire autonome - site isol\u00e9","og_description":"Installation solaire autonome, un syst\u00e8me maison solaire site isol\u00e9 type installation solaire autonome est compos\u00e9 d'un r\u00e9gulateur de charge solaire, d'un ou de plusieurs modules photovolta\u00efques","og_url":"http:\/\/www.capenergie.fr\/catalogue\/site-isole\/installation-solaire-autonome.html","article_modified_time":"2016-08-31T11:05:12+00:00","schema":{"@context":"https:\/\/schema.org","@graph":[{"@type":"WebPage","@id":"http:\/\/www.capenergie.fr\/catalogue\/site-isole\/installation-solaire-autonome.html","url":"http:\/\/www.capenergie.fr\/catalogue\/site-isole\/installation-solaire-autonome.html","name":"Installation solaire autonome - site isol\u00e9","isPartOf":{"@id":"https:\/\/www.capenergie.fr\/catalogue\/#website"},"datePublished":"2012-12-04T09:25:27+00:00","dateModified":"2016-08-31T11:05:12+00:00","description":"Installation solaire autonome, un syst\u00e8me maison solaire site isol\u00e9 type installation solaire autonome est compos\u00e9 d'un r\u00e9gulateur de charge solaire, d'un ou de plusieurs modules photovolta\u00efques","breadcrumb":{"@id":"http:\/\/www.capenergie.fr\/catalogue\/site-isole\/installation-solaire-autonome.html#breadcrumb"},"inLanguage":"fr-FR","potentialAction":[{"@type":"ReadAction","target":["http:\/\/www.capenergie.fr\/catalogue\/site-isole\/installation-solaire-autonome.html"]}]},{"@type":"BreadcrumbList","@id":"http:\/\/www.capenergie.fr\/catalogue\/site-isole\/installation-solaire-autonome.html#breadcrumb","itemListElement":[{"@type":"ListItem","position":1,"name":"Accueil","item":"https:\/\/www.capenergie.fr\/catalogue\/"},{"@type":"ListItem","position":2,"name":"Equipements pour site isol\u00e9","item":"https:\/\/www.capenergie.fr\/catalogue\/site-isole.html"},{"@type":"ListItem","position":3,"name":"Installation solaire autonome"}]},{"@type":"WebSite","@id":"https:\/\/www.capenergie.fr\/catalogue\/#website","url":"https:\/\/www.capenergie.fr\/catalogue\/","name":"","description":"","potentialAction":[{"@type":"SearchAction","target":{"@type":"EntryPoint","urlTemplate":"https:\/\/www.capenergie.fr\/catalogue\/?s={search_term_string}"},"query-input":{"@type":"PropertyValueSpecification","valueRequired":true,"valueName":"search_term_string"}}],"inLanguage":"fr-FR"}]}},"_links":{"self":[{"href":"http:\/\/www.capenergie.fr\/catalogue\/wp-json\/wp\/v2\/pages\/431","targetHints":{"allow":["GET"]}}],"collection":[{"href":"http:\/\/www.capenergie.fr\/catalogue\/wp-json\/wp\/v2\/pages"}],"about":[{"href":"http:\/\/www.capenergie.fr\/catalogue\/wp-json\/wp\/v2\/types\/page"}],"author":[{"embeddable":true,"href":"http:\/\/www.capenergie.fr\/catalogue\/wp-json\/wp\/v2\/users\/1"}],"replies":[{"embeddable":true,"href":"http:\/\/www.capenergie.fr\/catalogue\/wp-json\/wp\/v2\/comments?post=431"}],"version-history":[{"count":9,"href":"http:\/\/www.capenergie.fr\/catalogue\/wp-json\/wp\/v2\/pages\/431\/revisions"}],"predecessor-version":[{"id":1896,"href":"http:\/\/www.capenergie.fr\/catalogue\/wp-json\/wp\/v2\/pages\/431\/revisions\/1896"}],"up":[{"embeddable":true,"href":"http:\/\/www.capenergie.fr\/catalogue\/wp-json\/wp\/v2\/pages\/84"}],"wp:attachment":[{"href":"http:\/\/www.capenergie.fr\/catalogue\/wp-json\/wp\/v2\/media?parent=431"}],"curies":[{"name":"wp","href":"https:\/\/api.w.org\/{rel}","templated":true}]}}