{"id":2106,"date":"2015-10-16T12:09:41","date_gmt":"2015-10-16T10:09:41","guid":{"rendered":"http:\/\/www.capenergie.fr\/catalogue\/?page_id=2106"},"modified":"2015-10-16T12:10:26","modified_gmt":"2015-10-16T10:10:26","slug":"produits-par-marque","status":"publish","type":"page","link":"http:\/\/www.capenergie.fr\/catalogue\/produits-par-marque.html","title":{"rendered":"Produits par Marque"},"content":{"rendered":"<p><\/p>\n<p align=\"center\" style=\"width:100%\">ACCES PAR MARQUE<\/p>\n<div class=\"home-left\">\n<table width=\"100%\" border=\"0\" cellspacing=\"0\" id=\"menu-logo\">\n<tr>\n<td>\n<div class=\"fronius-butt\">\n                    <a href=\"\/catalogue\/photovoltaique\/onduleur\/fronius.html\" title=\"onduleur fronius\"><\/a>\n                <\/div>\n<\/td>\n<td>\n<div class=\"hoppecke-butt\">\n                    <a href=\"\/catalogue\/site-isole\/installation-solaire-autonome\/batterie.html\" title=\"batterie hoppecke\"><\/a>\n                <\/div>\n<\/td>\n<td>\n<div class=\"air-butt\">\n                    <a href=\"\/catalogue\/eolienne\/air.html\" title=\"eolienne air\"><\/a>\n                <\/div>\n<\/td>\n<\/tr>\n<\/table>\n<\/div>\n<div class=\"home-right\">\n<table width=\"100%\" border=\"0\" cellspacing=\"0\" id=\"menu-logo\">\n<tr>\n<td>\n<div class=\"anelion-butt\">\n                    <a href=\"\/catalogue\/eolienne\/eolienne-anelion.html\" title=\"eolienne anelion\"><\/a>\n                <\/div>\n<\/td>\n<td>\n<div class=\"blaklader-butt\">\n                    <a href=\"\/catalogue\/accessoires\/vetements-de-chantier.html\" title=\"vetement travail blaklader\"><\/a>\n                <\/div>\n<\/td>\n<td>\n<div class=\"camp-butt\">\n                    <a href=\"\/catalogue\/accessoires\/securisation-de-chantier.html\" title=\"protection camp\"><\/a>\n                <\/div>\n<\/td>\n<\/tr>\n<\/table>\n<\/div>\n<div class=\"clearboth\"><\/div>\n<div class=\"home-left\">\n<table width=\"100%\" border=\"0\" cellspacing=\"0\" id=\"menu-logo\">\n<tr>\n<td>\n<div class=\"bosch-butt\">\n                <a href=\"\/catalogue\/photovoltaique\/onduleur\/distributeur-onduleur-bosch-bpt.html\" title=\"onduleur photovoltaique Bosch\"><\/a>\n            <\/div>\n<\/td>\n<td>\n<div class=\"easyroof-butt\">\n                <a href=\"\/catalogue\/photovoltaique\/support-a-integration\/easy-roof-system.html\" title=\"integration easyroof\"><\/a>\n            <\/div>\n<\/td>\n<td>\n<div class=\"enphase-butt\">\n                <a href=\"\/catalogue\/photovoltaique\/onduleur\/micro-onduleur-photovoltaique-enphase.html\" title=\"onduleur enphase\"><\/a>\n            <\/div>\n<\/td>\n<\/tr>\n<\/table>\n<\/div>\n<div class=\"home-right\">\n<table width=\"100%\" border=\"0\" cellspacing=\"0\" id=\"menu-logo\">\n<tr>\n<td>\n<div class=\"outback-butt\">\n\t\t\t<a href=\"\/catalogue\/site-isole\/installation-solaire-autonome\/onduleur-chargeur.html\" title=\"produit outback\"><\/a>\n\t\t<\/div>\n<\/td>\n<td>\n<div class=\"ese-butt\">\n\t\t\t<a href=\"\/catalogue\/thermique\/solaire-thermique-ese.html\" title=\"chauffe eau solaire ESE\"><\/a>\n\t\t<\/div>\n<\/td>\n<td>\n<div class=\"evance-butt\">\n\t\t\t<a href=\"\/site-isole\/installation-solaire-autonome\/onduleur-chargeur.html\" title=\"eolienne evance\"><\/a>\n\t\t<\/div>\n<\/td>\n<\/tr>\n<\/table>\n<\/div>\n<div class=\"clearboth\"><\/div>\n<div class=\"home-left\">\n<table width=\"100%\" border=\"0\" cellspacing=\"0\" id=\"menu-logo\">\n<tr>\n<td>\n<div class=\"grammer-butt\">\n                <a href=\"\/catalogue\/eolienne\/eolienne-evance-r9000.html\" title=\"chauffage solaire grammer\"><\/a>\n            <\/div>\n<\/td>\n<td>\n<div class=\"grundfos-butt\">\n                <a href=\"\/catalogue\/site-isole\/stockage-et-pompage-deau.html\" title=\"pompe grundfos\"><\/a>\n            <\/div>\n<\/td>\n<td>\n<div class=\"scheinder-butt\">\n                <a href=\"\/catalogue\/photovoltaique\/onduleur\/schneider-electric.html\" title=\"onduleur Schneider Electric\"><\/a>\n            <\/div>\n<\/td>\n<\/tr>\n<\/table>\n<\/div>\n<div class=\"home-right\">\n<table width=\"100%\" border=\"0\" cellspacing=\"0\" id=\"menu-logo\">\n<tr>\n<td>\n<div class=\"kingspan-butt\">\n\t\t\t<a href=\"\/catalogue\/eolienne\/eolienne-kingspan-wind.html\" title=\"eolienne kingspan wind\"><\/a>\n\t\t<\/div>\n<\/td>\n<td>\n<div class=\"kostal-butt\">\n\t\t\t<a href=\"\/catalogue\/photovoltaique\/onduleur\/kostal.html\" title=\"onduleur kostal\"><\/a>\n\t\t<\/div>\n<\/td>\n<td>\n<div class=\"kyocera-butt\">\n\t\t\t<a href=\"\/catalogue\/photovoltaique\/panneaux-photovoltaiques\/kyocera.html\" title=\"panneau photovoltaique kyocera\"><\/a>\n\t\t<\/div>\n<\/td>\n<\/tr>\n<\/table>\n<\/div>\n<div class=\"clearboth\"><\/div>\n<div class=\"home-left\">\n<table width=\"100%\" border=\"0\" cellspacing=\"0\" id=\"menu-logo\">\n<tr>\n<td>\n<div class=\"lorentz-butt\">\n                <a href=\"\/catalogue\/site-isole\/stockage-et-pompage-deau\/au-fil-du-soleil.html\" title=\"pompe lorentz\"><\/a>\n            <\/div>\n<\/td>\n<td>\n<div class=\"makita-butt\">\n                <a href=\"\/catalogue\/accessoires\/outillage-makita.html\" title=\"outillage makita\"><\/a>\n            <\/div>\n<\/td>\n<td>\n<div class=\"mastervolt-butt\">\n                <a href=\"\/catalogue\/photovoltaique\/onduleur\/mastervolt.html\" title=\"onduleur mastervolt\"><\/a>\n            <\/div>\n<\/td>\n<\/tr>\n<\/table>\n<\/div>\n<div class=\"home-right\">\n<table width=\"100%\" border=\"0\" cellspacing=\"0\" id=\"menu-logo\">\n<tr>\n<td>\n<div class=\"multicontact-butt\">\n                <a href=\"\/catalogue\/photovoltaique\/accessoires-photovoltaiques.html\" title=\"connecteur photovoltaique multi contact\"><\/a>\n            <\/div>\n<\/td>\n<td>\n<div class=\"mitsubishi-butt\">\n                <a href=\"\/catalogue\/photovoltaique\/onduleur\/mitsubishi.html\" title=\"onduleur mitsubishi\"><\/a>\n            <\/div>\n<\/td>\n<td>\n<div class=\"moutingsystem-butt\">\n                <a href=\"\/catalogue\/photovoltaique\/support-a-integration\/mounting-systems.html\" title=\"support mouting system\"><\/a>\n            <\/div>\n<\/td>\n<\/tr>\n<\/table>\n<\/div>\n<div class=\"clearboth\"><\/div>\n<div class=\"home-left\">\n<table width=\"100%\" border=\"0\" cellspacing=\"0\" id=\"menu-logo\">\n<tr>\n<td>\n<div class=\"olflex-butt\">\n\t\t\t<a href=\"\/catalogue\/photovoltaique\/accessoires-photovoltaiques.html\" title=\"cable solaire olflex\"><\/a>\n\t\t<\/div>\n<\/td>\n<td>\n<div class=\"lg-butt\">\n\t\t\t<a href=\"\/catalogue\/photovoltaique\/panneaux-photovoltaiques\/panneaux-photovoltaiques-lg.html\" title=\"panneau photovoltaique LG\"><\/a>\n\t\t<\/div>\n<\/td>\n<td>\n<div class=\"powerone-butt\">\n\t\t\t<a href=\"\/catalogue\/photovoltaique\/panneaux-photovoltaiques\/kyocera.html\" title=\"onduleur powerone\"><\/a>\n\t\t<\/div>\n<\/td>\n<\/tr>\n<\/table>\n<\/div>\n<div class=\"home-right\">\n<table width=\"100%\" border=\"0\" cellspacing=\"0\" id=\"menu-logo\">\n<tr>\n<td>\n<div class=\"qcells-butt\">\n                <a href=\"\/catalogue\/photovoltaique\/panneaux-photovoltaiques\/q-cells.html\" title=\"panneau photovoltaique qcells\"><\/a>\n            <\/div>\n<\/td>\n<td>\n<div class=\"recsolar-butt\">\n                <a href=\"\/catalogue\/photovoltaique\/panneaux-photovoltaiques\/rec-solar.html\" title=\"panneau photovoltaique recsolar\"><\/a>\n            <\/div>\n<\/td>\n<td>\n<div class=\"renusol-butt\">\n                <a href=\"\/catalogue\/photovoltaique\/support-a-integration\/renusol.html\" title=\"integration renusol\"><\/a>\n            <\/div>\n<\/td>\n<\/tr>\n<\/table>\n<\/div>\n<div class=\"clearboth\"><\/div>\n<div class=\"home-left\">\n<table width=\"100%\" border=\"0\" cellspacing=\"0\" id=\"menu-logo\">\n<tr>\n<td>\n<div class=\"rico-butt\">\n\t\t\t<a href=\"\/catalogue\/photovoltaique\/accessoires-photovoltaiques.html\" title=\"afficheur photovoltaique rico\"><\/a>\n\t\t<\/div>\n<\/td>\n<td>\n<div class=\"aleo-butt\">\n           <a href=\"\/catalogue\/photovoltaique\/panneaux-photovoltaiques\/aleo.html\" title=\"Aleo solar\"><\/a>\n       <\/div>\n<\/td>\n<td>\n<div class=\"schletter-butt\">\n\t\t\t<a href=\"\/catalogue\/site-isole\/installation-solaire-autonome\/fixation-solaire-autonome.html\" title=\"structure alu schletter\"><\/a>\n\t\t<\/div>\n<\/td>\n<\/tr>\n<\/table>\n<\/div>\n<div class=\"home-right\">\n<table width=\"100%\" border=\"0\" cellspacing=\"0\" id=\"menu-logo\">\n<tr>\n<td>\n<div class=\"sharp-butt\">\n\t\t\t<a href=\"\/catalogue\/photovoltaique\/panneaux-photovoltaiques\/sharp.html\" title=\"panneau photovoltaique sharp\"><\/a>\n\t\t<\/div>\n<\/td>\n<td>\n<div class=\"silec-butt\">\n\t\t\t<a href=\"\/catalogue\/photovoltaique\/accessoires-photovoltaiques.html\" title=\"cable solaire silec\"><\/a>\n\t\t<\/div>\n<\/td>\n<td>\n<div class=\"skystream-butt\">\n\t\t\t<a href=\"\/catalogue\/eolienne\/skystream-37.html\" title=\"eolienne skystream\"><\/a>\n\t\t<\/div>\n<\/td>\n<\/tr>\n<\/table>\n<\/div>\n<div class=\"clearboth\"><\/div>\n<div class=\"home-left\">\n<table width=\"100%\" border=\"0\" cellspacing=\"0\" id=\"menu-logo\">\n<tr>\n<td>\n<div class=\"sma-butt\">\n\t\t\t<a href=\"\/catalogue\/photovoltaique\/onduleur\/sma.html\" title=\"onduleur sma\"><\/a>\n\t\t<\/div>\n<\/td>\n<td>\n<div class=\"solaredge-butt\">\n\t\t\t<a href=\"\/catalogue\/photovoltaique\/onduleur\/optimiseur-puissance-solaredge.html\" title=\"onduleur photovoltaique solaredge\"><\/a>\n\t\t<\/div>\n<\/td>\n<td>\n<div class=\"sna-butt\">\n                        <a href=\"\/catalogue\/photovoltaique\/panneaux-photovoltaiques\/sna.html\" title=\"panneau photovoltaique SNA\"><\/a>\n                    <\/div>\n<\/td>\n<\/tr>\n<\/table>\n<\/div>\n<div class=\"home-right\">\n<table width=\"100%\" border=\"0\" cellspacing=\"0\" id=\"menu-logo\">\n<tr>\n<td>\n<div class=\"solarsit-butt\">\n                    <a href=\"\/catalogue\/photovoltaique\/support-a-integration\/solarsit.html\" title=\"integration solarsit\"><\/a>\n                <\/div>\n<\/td>\n<td>\n<div class=\"solarworld-butt\">\n                    <a href=\"\/catalogue\/photovoltaique\/panneaux-photovoltaiques\/solarworld.html\" title=\"panneau photovoltaique solarworld\"><\/a>\n                <\/div>\n<\/td>\n<td>\n<div class=\"solarwatt-butt\">\n                    <a href=\"\/catalogue\/photovoltaique\/panneaux-photovoltaiques\/panneaux-photovoltaiques-solarwatt.html\" title=\"panneau photovoltaique solarwatt\"><\/a>\n                <\/div>\n<\/td>\n<\/tr>\n<\/table>\n<\/div>\n<div class=\"clearboth\"><\/div>\n<div class=\"home-left\">\n<table width=\"100%\" border=\"0\" cellspacing=\"0\" id=\"menu-logo\">\n<tr>\n<td>\n<div class=\"solmetric-butt\">\n                    <a href=\"\/catalogue\/photovoltaique\/accessoires-photovoltaiques.html\" title=\"outil solmetric\"><\/a>\n                <\/div>\n<\/td>\n<td>\n<div class=\"steca-butt\">\n                    <a href=\"\/catalogue\/site-isole\/installation-solaire-autonome\/regulateur-de-charge.html\" title=\"regulateur de charge steca\"><\/a>\n                <\/div>\n<\/td>\n<td>\n<div class=\"studer-butt\">\n                    <a href=\"\/catalogue\/site-isole\/installation-solaire-autonome\/onduleur-chargeur.html\" title=\"onduleur chargeur studer\"><\/a>\n                <\/div>\n<\/td>\n<\/tr>\n<\/table>\n<\/div>\n<div class=\"home-right\">\n<table width=\"100%\" border=\"0\" cellspacing=\"0\" id=\"menu-logo\">\n<tr>\n<td>\n<div class=\"vidur-butt\">\n                        <a href=\"\/catalogue\/photovoltaique\/panneaux-photovoltaiques\/vidur-solar.html\" title=\"bi-verre vidur solar\"><\/a>\n                    <\/div>\n<\/td>\n<td>\n<div class=\"benq-butt\">\n                        <a href=\"\/catalogue\/photovoltaique\/panneaux-photovoltaiques\/panneaux-photovoltaiques-ben-q.html\" title=\"reverbere photovoltaique western co\"><\/a>\n                    <\/div>\n<\/td>\n<td>\n<div class=\"whisper-butt\">\n                        <a href=\"\/catalogue\/eolienne\/whisper.html\" title=\"eolienne whisper\"><\/a>\n                    <\/div>\n<\/td>\n<\/tr>\n<\/table>\n<\/div>\n<div class=\"clearboth\"><\/div>\n<div class=\"home-left\">\n<table width=\"100%\" border=\"0\" cellspacing=\"0\" id=\"menu-logo\">\n<tr>\n<td>\n<div class=\"rolls-butt\">\n                        <a href=\"\/catalogue\/site-isole\/installation-solaire-autonome\/batterie.html\" title=\"batterie site isol\u00e9 rolls\"><\/a>\n                    <\/div>\n<\/td>\n<td>\n<div class=\"sundaya-butt\">\n                        <a href=\"\/catalogue\/site-isole\/sundaya.html\" title=\"eclairage photovoltaique sundaya\"><\/a>\n                    <\/div>\n<\/td>\n<td>\n<div class=\"scheinder-butt\">\n                            <a href=\"\/catalogue\/photovoltaique\/onduleur\/schneider-electric.html\" title=\"onduleur Schneider Electric\"><\/a>\n                        <\/div>\n<\/td>\n<\/tr>\n<\/table>\n<\/div>\n<div class=\"home-right\">\n<table width=\"100%\" border=\"0\" cellspacing=\"0\" id=\"menu-logo\">\n<tr>\n<td>\n                <\/td>\n<td>\n                                    <\/td>\n<td>\n                                    <\/td>\n<\/tr>\n<\/table>\n<\/div>\n<div class=\"clearboth\"><\/div>\n","protected":false},"excerpt":{"rendered":"<p>ACCES PAR MARQUE<\/p>\n","protected":false},"author":1,"featured_media":0,"parent":0,"menu_order":0,"comment_status":"closed","ping_status":"closed","template":"","meta":{"neve_meta_sidebar":"","neve_meta_container":"","neve_meta_enable_content_width":"","neve_meta_content_width":0,"neve_meta_title_alignment":"","neve_meta_author_avatar":"","neve_post_elements_order":"","neve_meta_disable_header":"","neve_meta_disable_footer":"","neve_meta_disable_title":"","ngg_post_thumbnail":0,"_themeisle_gutenberg_block_has_review":false,"footnotes":""},"class_list":["post-2106","page","type-page","status-publish","hentry"],"yoast_head":"<!-- This site is optimized with the Yoast SEO plugin v27.5 - https:\/\/yoast.com\/product\/yoast-seo-wordpress\/ -->\n<title>Produits ENR par Marque<\/title>\n<meta name=\"description\" content=\"Vente de Produits ENR par Marque propos\u00e9s dans le site Cap Energie fournisseur de solution site isol\u00e9, \u00e9olienne et photovolta\u00efque en France, en Europe et partout dans le monde.\" \/>\n<meta name=\"robots\" content=\"index, follow, max-snippet:-1, max-image-preview:large, max-video-preview:-1\" \/>\n<link rel=\"canonical\" href=\"http:\/\/www.capenergie.fr\/catalogue\/produits-par-marque.html\" \/>\n<meta property=\"og:locale\" content=\"fr_FR\" \/>\n<meta property=\"og:type\" content=\"article\" \/>\n<meta property=\"og:title\" content=\"Produits ENR par Marque\" \/>\n<meta property=\"og:description\" content=\"Vente de Produits ENR par Marque propos\u00e9s dans le site Cap Energie fournisseur de solution site isol\u00e9, \u00e9olienne et photovolta\u00efque en France, en Europe et partout dans le monde.\" \/>\n<meta property=\"og:url\" content=\"http:\/\/www.capenergie.fr\/catalogue\/produits-par-marque.html\" \/>\n<meta property=\"article:modified_time\" content=\"2015-10-16T10:10:26+00:00\" \/>\n<script type=\"application\/ld+json\" class=\"yoast-schema-graph\">{\"@context\":\"https:\\\/\\\/schema.org\",\"@graph\":[{\"@type\":\"WebPage\",\"@id\":\"http:\\\/\\\/www.capenergie.fr\\\/catalogue\\\/produits-par-marque.html\",\"url\":\"http:\\\/\\\/www.capenergie.fr\\\/catalogue\\\/produits-par-marque.html\",\"name\":\"Produits ENR par Marque\",\"isPartOf\":{\"@id\":\"https:\\\/\\\/www.capenergie.fr\\\/catalogue\\\/#website\"},\"datePublished\":\"2015-10-16T10:09:41+00:00\",\"dateModified\":\"2015-10-16T10:10:26+00:00\",\"description\":\"Vente de Produits ENR par Marque propos\u00e9s dans le site Cap Energie fournisseur de solution site isol\u00e9, \u00e9olienne et photovolta\u00efque en France, en Europe et partout dans le monde.\",\"breadcrumb\":{\"@id\":\"http:\\\/\\\/www.capenergie.fr\\\/catalogue\\\/produits-par-marque.html#breadcrumb\"},\"inLanguage\":\"fr-FR\",\"potentialAction\":[{\"@type\":\"ReadAction\",\"target\":[\"http:\\\/\\\/www.capenergie.fr\\\/catalogue\\\/produits-par-marque.html\"]}]},{\"@type\":\"BreadcrumbList\",\"@id\":\"http:\\\/\\\/www.capenergie.fr\\\/catalogue\\\/produits-par-marque.html#breadcrumb\",\"itemListElement\":[{\"@type\":\"ListItem\",\"position\":1,\"name\":\"Accueil\",\"item\":\"https:\\\/\\\/www.capenergie.fr\\\/catalogue\\\/\"},{\"@type\":\"ListItem\",\"position\":2,\"name\":\"Produits par Marque\"}]},{\"@type\":\"WebSite\",\"@id\":\"https:\\\/\\\/www.capenergie.fr\\\/catalogue\\\/#website\",\"url\":\"https:\\\/\\\/www.capenergie.fr\\\/catalogue\\\/\",\"name\":\"\",\"description\":\"\",\"potentialAction\":[{\"@type\":\"SearchAction\",\"target\":{\"@type\":\"EntryPoint\",\"urlTemplate\":\"https:\\\/\\\/www.capenergie.fr\\\/catalogue\\\/?s={search_term_string}\"},\"query-input\":{\"@type\":\"PropertyValueSpecification\",\"valueRequired\":true,\"valueName\":\"search_term_string\"}}],\"inLanguage\":\"fr-FR\"}]}<\/script>\n<!-- \/ Yoast SEO plugin. -->","yoast_head_json":{"title":"Produits ENR par Marque","description":"Vente de Produits ENR par Marque propos\u00e9s dans le site Cap Energie fournisseur de solution site isol\u00e9, \u00e9olienne et photovolta\u00efque en France, en Europe et partout dans le monde.","robots":{"index":"index","follow":"follow","max-snippet":"max-snippet:-1","max-image-preview":"max-image-preview:large","max-video-preview":"max-video-preview:-1"},"canonical":"http:\/\/www.capenergie.fr\/catalogue\/produits-par-marque.html","og_locale":"fr_FR","og_type":"article","og_title":"Produits ENR par Marque","og_description":"Vente de Produits ENR par Marque propos\u00e9s dans le site Cap Energie fournisseur de solution site isol\u00e9, \u00e9olienne et photovolta\u00efque en France, en Europe et partout dans le monde.","og_url":"http:\/\/www.capenergie.fr\/catalogue\/produits-par-marque.html","article_modified_time":"2015-10-16T10:10:26+00:00","schema":{"@context":"https:\/\/schema.org","@graph":[{"@type":"WebPage","@id":"http:\/\/www.capenergie.fr\/catalogue\/produits-par-marque.html","url":"http:\/\/www.capenergie.fr\/catalogue\/produits-par-marque.html","name":"Produits ENR par Marque","isPartOf":{"@id":"https:\/\/www.capenergie.fr\/catalogue\/#website"},"datePublished":"2015-10-16T10:09:41+00:00","dateModified":"2015-10-16T10:10:26+00:00","description":"Vente de Produits ENR par Marque propos\u00e9s dans le site Cap Energie fournisseur de solution site isol\u00e9, \u00e9olienne et photovolta\u00efque en France, en Europe et partout dans le monde.","breadcrumb":{"@id":"http:\/\/www.capenergie.fr\/catalogue\/produits-par-marque.html#breadcrumb"},"inLanguage":"fr-FR","potentialAction":[{"@type":"ReadAction","target":["http:\/\/www.capenergie.fr\/catalogue\/produits-par-marque.html"]}]},{"@type":"BreadcrumbList","@id":"http:\/\/www.capenergie.fr\/catalogue\/produits-par-marque.html#breadcrumb","itemListElement":[{"@type":"ListItem","position":1,"name":"Accueil","item":"https:\/\/www.capenergie.fr\/catalogue\/"},{"@type":"ListItem","position":2,"name":"Produits par Marque"}]},{"@type":"WebSite","@id":"https:\/\/www.capenergie.fr\/catalogue\/#website","url":"https:\/\/www.capenergie.fr\/catalogue\/","name":"","description":"","potentialAction":[{"@type":"SearchAction","target":{"@type":"EntryPoint","urlTemplate":"https:\/\/www.capenergie.fr\/catalogue\/?s={search_term_string}"},"query-input":{"@type":"PropertyValueSpecification","valueRequired":true,"valueName":"search_term_string"}}],"inLanguage":"fr-FR"}]}},"_links":{"self":[{"href":"http:\/\/www.capenergie.fr\/catalogue\/wp-json\/wp\/v2\/pages\/2106","targetHints":{"allow":["GET"]}}],"collection":[{"href":"http:\/\/www.capenergie.fr\/catalogue\/wp-json\/wp\/v2\/pages"}],"about":[{"href":"http:\/\/www.capenergie.fr\/catalogue\/wp-json\/wp\/v2\/types\/page"}],"author":[{"embeddable":true,"href":"http:\/\/www.capenergie.fr\/catalogue\/wp-json\/wp\/v2\/users\/1"}],"replies":[{"embeddable":true,"href":"http:\/\/www.capenergie.fr\/catalogue\/wp-json\/wp\/v2\/comments?post=2106"}],"version-history":[{"count":2,"href":"http:\/\/www.capenergie.fr\/catalogue\/wp-json\/wp\/v2\/pages\/2106\/revisions"}],"predecessor-version":[{"id":2108,"href":"http:\/\/www.capenergie.fr\/catalogue\/wp-json\/wp\/v2\/pages\/2106\/revisions\/2108"}],"wp:attachment":[{"href":"http:\/\/www.capenergie.fr\/catalogue\/wp-json\/wp\/v2\/media?parent=2106"}],"curies":[{"name":"wp","href":"https:\/\/api.w.org\/{rel}","templated":true}]}}