{"id":1427,"date":"2014-02-18T10:56:06","date_gmt":"2014-02-18T09:56:06","guid":{"rendered":"http:\/\/www.capenergie.fr\/catalogue\/?page_id=1427"},"modified":"2014-02-18T10:58:25","modified_gmt":"2014-02-18T09:58:25","slug":"s-v-panneaux-photovoltaiques","status":"publish","type":"page","link":"http:\/\/www.capenergie.fr\/catalogue\/s-v-panneaux-photovoltaiques.html","title":{"rendered":"S.A.V. Panneaux photovolta\u00efques"},"content":{"rendered":"\n<div class=\"wpcf7 no-js\" id=\"wpcf7-f1426-o1\" lang=\"en-US\" dir=\"ltr\" data-wpcf7-id=\"1426\">\n<div class=\"screen-reader-response\"><p role=\"status\" aria-live=\"polite\" aria-atomic=\"true\"><\/p> <ul><\/ul><\/div>\n<form action=\"\/catalogue\/wp-json\/wp\/v2\/pages\/1427#wpcf7-f1426-o1\" method=\"post\" class=\"wpcf7-form init\" aria-label=\"Contact form\" novalidate=\"novalidate\" data-status=\"init\">\n<fieldset class=\"hidden-fields-container\"><input type=\"hidden\" name=\"_wpcf7\" value=\"1426\" \/><input type=\"hidden\" name=\"_wpcf7_version\" value=\"6.1.5\" \/><input type=\"hidden\" name=\"_wpcf7_locale\" value=\"en_US\" \/><input type=\"hidden\" name=\"_wpcf7_unit_tag\" value=\"wpcf7-f1426-o1\" \/><input type=\"hidden\" name=\"_wpcf7_container_post\" value=\"0\" \/><input type=\"hidden\" name=\"_wpcf7_posted_data_hash\" value=\"\" \/><input type=\"hidden\" name=\"_wpcf7_recaptcha_response\" value=\"\" \/>\n<\/fieldset>\n<div>\n\t<div class=\"logo-cap\">\n\t<\/div>\n\t<div style=\"clear:both\">\n\t<\/div>\n\t<p><strong>Information S.A.V.<br \/>\n<\/strong><span style=\"color:#F33\">Cap Energie propose une solution au probl\u00e8me Scheuten avec SUNAGE et SNA Solar, marques valid\u00e9es par la SMA BTP, Allianz.<\/span>\n\t<\/p>\n\t<p><strong><br \/>\nCAP ENERGIE<\/strong>\n\t<\/p>\n\t<p>Mas d'alhem<br \/>\n34150<br \/>\nLa Boissi\u00e8re\n\t<\/p>\n\t<p>T\u00e9l: \t04 67 56 77 91<br \/>\nFax: \t04 67 55 52 25\n\t<\/p>\n\t<p><strong>Information:<\/strong><br \/>\n- Nos bureaux sont ouvert du lundi au vendredi de 8h30 \u00e0 12h00 et de 14h00 \u00e0 18h00.<br \/>\n- Pour les contact par E-mail, merci de nous transmettre une plage horaire pour que nous puissions vous contacter au plus t\u00f4t.\n\t<\/p>\n<\/div>\n<p>Nom : (obligatoire)\n<\/p>\n<p><span class=\"wpcf7-form-control-wrap\" data-name=\"your-name\"><input size=\"40\" maxlength=\"400\" class=\"wpcf7-form-control wpcf7-text wpcf7-validates-as-required\" aria-required=\"true\" aria-invalid=\"false\" value=\"\" type=\"text\" name=\"your-name\" \/><\/span>\n<\/p>\n<p>Nom de la soci\u00e9t\u00e9 : (obligatoire)\n<\/p>\n<p><span class=\"wpcf7-form-control-wrap\" data-name=\"NomdelaSocit\"><input size=\"40\" maxlength=\"400\" class=\"wpcf7-form-control wpcf7-text wpcf7-validates-as-required\" aria-required=\"true\" aria-invalid=\"false\" value=\"\" type=\"text\" name=\"NomdelaSocit\" \/><\/span>\n<\/p>\n<p>Ville : (obligatoire)\n<\/p>\n<p><span class=\"wpcf7-form-control-wrap\" data-name=\"ville\"><input size=\"40\" maxlength=\"400\" class=\"wpcf7-form-control wpcf7-text wpcf7-validates-as-required\" aria-required=\"true\" aria-invalid=\"false\" value=\"\" type=\"text\" name=\"ville\" \/><\/span>\n<\/p>\n<p>Code Postale : (obligatoire)\n<\/p>\n<p><span class=\"wpcf7-form-control-wrap\" data-name=\"codepostale\"><input size=\"40\" maxlength=\"400\" class=\"wpcf7-form-control wpcf7-text wpcf7-validates-as-required\" aria-required=\"true\" aria-invalid=\"false\" value=\"\" type=\"text\" name=\"codepostale\" \/><\/span>\n<\/p>\n<p>Votre email (obligatoire)\n<\/p>\n<p><span class=\"wpcf7-form-control-wrap\" data-name=\"your-email\"><input size=\"40\" maxlength=\"400\" class=\"wpcf7-form-control wpcf7-email wpcf7-validates-as-required wpcf7-text wpcf7-validates-as-email\" aria-required=\"true\" aria-invalid=\"false\" value=\"\" type=\"email\" name=\"your-email\" \/><\/span>\n<\/p>\n<p>Votre t\u00e9l\u00e9phone (obligatoire)\n<\/p>\n<p><span class=\"wpcf7-form-control-wrap\" data-name=\"tel\"><input size=\"40\" maxlength=\"400\" class=\"wpcf7-form-control wpcf7-text wpcf7-validates-as-required\" aria-required=\"true\" aria-invalid=\"false\" value=\"\" type=\"text\" name=\"tel\" \/><\/span>\n<\/p>\n<p>Sujet\n<\/p>\n<p><span class=\"wpcf7-form-control-wrap\" data-name=\"your-subject\"><input size=\"40\" maxlength=\"400\" class=\"wpcf7-form-control wpcf7-text\" aria-invalid=\"false\" value=\"\" type=\"text\" name=\"your-subject\" \/><\/span>\n<\/p>\n<p>Votre message\n<\/p>\n<p><span class=\"wpcf7-form-control-wrap\" data-name=\"your-message\"><textarea cols=\"40\" rows=\"10\" maxlength=\"2000\" class=\"wpcf7-form-control wpcf7-textarea\" aria-invalid=\"false\" name=\"your-message\"><\/textarea><\/span>\n<\/p>\n<p><input class=\"wpcf7-form-control wpcf7-submit has-spinner\" type=\"submit\" value=\"Envoyer\" \/>\n<\/p><p style=\"display: none !important;\" class=\"akismet-fields-container\" data-prefix=\"_wpcf7_ak_\"><label>&#916;<textarea name=\"_wpcf7_ak_hp_textarea\" cols=\"45\" rows=\"8\" maxlength=\"100\"><\/textarea><\/label><input type=\"hidden\" id=\"ak_js_1\" name=\"_wpcf7_ak_js\" value=\"41\"\/><script>\ndocument.getElementById( \"ak_js_1\" ).setAttribute( \"value\", ( new Date() ).getTime() );\n<\/script>\n<\/p><div class=\"wpcf7-response-output\" aria-hidden=\"true\"><\/div>\n<\/form>\n<\/div>\n\n","protected":false},"excerpt":{"rendered":"","protected":false},"author":1,"featured_media":0,"parent":0,"menu_order":0,"comment_status":"closed","ping_status":"closed","template":"sidebar-page.php","meta":{"neve_meta_sidebar":"","neve_meta_container":"","neve_meta_enable_content_width":"","neve_meta_content_width":0,"neve_meta_title_alignment":"","neve_meta_author_avatar":"","neve_post_elements_order":"","neve_meta_disable_header":"","neve_meta_disable_footer":"","neve_meta_disable_title":"","ngg_post_thumbnail":0,"_themeisle_gutenberg_block_has_review":false,"footnotes":""},"class_list":["post-1427","page","type-page","status-publish","hentry"],"yoast_head":"<!-- This site is optimized with the Yoast SEO plugin v27.5 - https:\/\/yoast.com\/product\/yoast-seo-wordpress\/ -->\n<title>S.A.V. Panneaux photovolta\u00efques<\/title>\n<meta name=\"description\" content=\"S.A.V. Panneaux photovolta\u00efques, nos solutions pour vos probl\u00e8mes avec les Panneaux photovolta\u00efques Scheuten ou autre. contactez-nous via ce formulaire de contact sp\u00e9cifique au S.A.V.\" \/>\n<meta name=\"robots\" content=\"index, follow, max-snippet:-1, max-image-preview:large, max-video-preview:-1\" \/>\n<link rel=\"canonical\" href=\"http:\/\/www.capenergie.fr\/catalogue\/s-v-panneaux-photovoltaiques.html\" \/>\n<meta property=\"og:locale\" content=\"fr_FR\" \/>\n<meta property=\"og:type\" content=\"article\" \/>\n<meta property=\"og:title\" content=\"S.A.V. Panneaux photovolta\u00efques\" \/>\n<meta property=\"og:description\" content=\"S.A.V. Panneaux photovolta\u00efques, nos solutions pour vos probl\u00e8mes avec les Panneaux photovolta\u00efques Scheuten ou autre. contactez-nous via ce formulaire de contact sp\u00e9cifique au S.A.V.\" \/>\n<meta property=\"og:url\" content=\"http:\/\/www.capenergie.fr\/catalogue\/s-v-panneaux-photovoltaiques.html\" \/>\n<meta property=\"article:modified_time\" content=\"2014-02-18T09:58:25+00:00\" \/>\n<script type=\"application\/ld+json\" class=\"yoast-schema-graph\">{\"@context\":\"https:\\\/\\\/schema.org\",\"@graph\":[{\"@type\":\"WebPage\",\"@id\":\"http:\\\/\\\/www.capenergie.fr\\\/catalogue\\\/s-v-panneaux-photovoltaiques.html\",\"url\":\"http:\\\/\\\/www.capenergie.fr\\\/catalogue\\\/s-v-panneaux-photovoltaiques.html\",\"name\":\"S.A.V. Panneaux photovolta\u00efques\",\"isPartOf\":{\"@id\":\"https:\\\/\\\/www.capenergie.fr\\\/catalogue\\\/#website\"},\"datePublished\":\"2014-02-18T09:56:06+00:00\",\"dateModified\":\"2014-02-18T09:58:25+00:00\",\"description\":\"S.A.V. Panneaux photovolta\u00efques, nos solutions pour vos probl\u00e8mes avec les Panneaux photovolta\u00efques Scheuten ou autre. contactez-nous via ce formulaire de contact sp\u00e9cifique au S.A.V.\",\"breadcrumb\":{\"@id\":\"http:\\\/\\\/www.capenergie.fr\\\/catalogue\\\/s-v-panneaux-photovoltaiques.html#breadcrumb\"},\"inLanguage\":\"fr-FR\",\"potentialAction\":[{\"@type\":\"ReadAction\",\"target\":[\"http:\\\/\\\/www.capenergie.fr\\\/catalogue\\\/s-v-panneaux-photovoltaiques.html\"]}]},{\"@type\":\"BreadcrumbList\",\"@id\":\"http:\\\/\\\/www.capenergie.fr\\\/catalogue\\\/s-v-panneaux-photovoltaiques.html#breadcrumb\",\"itemListElement\":[{\"@type\":\"ListItem\",\"position\":1,\"name\":\"Accueil\",\"item\":\"http:\\\/\\\/www.capenergie.fr\\\/catalogue\\\/\"},{\"@type\":\"ListItem\",\"position\":2,\"name\":\"S.A.V. Panneaux photovolta\u00efques\"}]},{\"@type\":\"WebSite\",\"@id\":\"https:\\\/\\\/www.capenergie.fr\\\/catalogue\\\/#website\",\"url\":\"https:\\\/\\\/www.capenergie.fr\\\/catalogue\\\/\",\"name\":\"\",\"description\":\"\",\"potentialAction\":[{\"@type\":\"SearchAction\",\"target\":{\"@type\":\"EntryPoint\",\"urlTemplate\":\"https:\\\/\\\/www.capenergie.fr\\\/catalogue\\\/?s={search_term_string}\"},\"query-input\":{\"@type\":\"PropertyValueSpecification\",\"valueRequired\":true,\"valueName\":\"search_term_string\"}}],\"inLanguage\":\"fr-FR\"}]}<\/script>\n<!-- \/ Yoast SEO plugin. -->","yoast_head_json":{"title":"S.A.V. Panneaux photovolta\u00efques","description":"S.A.V. Panneaux photovolta\u00efques, nos solutions pour vos probl\u00e8mes avec les Panneaux photovolta\u00efques Scheuten ou autre. contactez-nous via ce formulaire de contact sp\u00e9cifique au S.A.V.","robots":{"index":"index","follow":"follow","max-snippet":"max-snippet:-1","max-image-preview":"max-image-preview:large","max-video-preview":"max-video-preview:-1"},"canonical":"http:\/\/www.capenergie.fr\/catalogue\/s-v-panneaux-photovoltaiques.html","og_locale":"fr_FR","og_type":"article","og_title":"S.A.V. Panneaux photovolta\u00efques","og_description":"S.A.V. Panneaux photovolta\u00efques, nos solutions pour vos probl\u00e8mes avec les Panneaux photovolta\u00efques Scheuten ou autre. contactez-nous via ce formulaire de contact sp\u00e9cifique au S.A.V.","og_url":"http:\/\/www.capenergie.fr\/catalogue\/s-v-panneaux-photovoltaiques.html","article_modified_time":"2014-02-18T09:58:25+00:00","schema":{"@context":"https:\/\/schema.org","@graph":[{"@type":"WebPage","@id":"http:\/\/www.capenergie.fr\/catalogue\/s-v-panneaux-photovoltaiques.html","url":"http:\/\/www.capenergie.fr\/catalogue\/s-v-panneaux-photovoltaiques.html","name":"S.A.V. Panneaux photovolta\u00efques","isPartOf":{"@id":"https:\/\/www.capenergie.fr\/catalogue\/#website"},"datePublished":"2014-02-18T09:56:06+00:00","dateModified":"2014-02-18T09:58:25+00:00","description":"S.A.V. Panneaux photovolta\u00efques, nos solutions pour vos probl\u00e8mes avec les Panneaux photovolta\u00efques Scheuten ou autre. contactez-nous via ce formulaire de contact sp\u00e9cifique au S.A.V.","breadcrumb":{"@id":"http:\/\/www.capenergie.fr\/catalogue\/s-v-panneaux-photovoltaiques.html#breadcrumb"},"inLanguage":"fr-FR","potentialAction":[{"@type":"ReadAction","target":["http:\/\/www.capenergie.fr\/catalogue\/s-v-panneaux-photovoltaiques.html"]}]},{"@type":"BreadcrumbList","@id":"http:\/\/www.capenergie.fr\/catalogue\/s-v-panneaux-photovoltaiques.html#breadcrumb","itemListElement":[{"@type":"ListItem","position":1,"name":"Accueil","item":"http:\/\/www.capenergie.fr\/catalogue\/"},{"@type":"ListItem","position":2,"name":"S.A.V. Panneaux photovolta\u00efques"}]},{"@type":"WebSite","@id":"https:\/\/www.capenergie.fr\/catalogue\/#website","url":"https:\/\/www.capenergie.fr\/catalogue\/","name":"","description":"","potentialAction":[{"@type":"SearchAction","target":{"@type":"EntryPoint","urlTemplate":"https:\/\/www.capenergie.fr\/catalogue\/?s={search_term_string}"},"query-input":{"@type":"PropertyValueSpecification","valueRequired":true,"valueName":"search_term_string"}}],"inLanguage":"fr-FR"}]}},"_links":{"self":[{"href":"http:\/\/www.capenergie.fr\/catalogue\/wp-json\/wp\/v2\/pages\/1427","targetHints":{"allow":["GET"]}}],"collection":[{"href":"http:\/\/www.capenergie.fr\/catalogue\/wp-json\/wp\/v2\/pages"}],"about":[{"href":"http:\/\/www.capenergie.fr\/catalogue\/wp-json\/wp\/v2\/types\/page"}],"author":[{"embeddable":true,"href":"http:\/\/www.capenergie.fr\/catalogue\/wp-json\/wp\/v2\/users\/1"}],"replies":[{"embeddable":true,"href":"http:\/\/www.capenergie.fr\/catalogue\/wp-json\/wp\/v2\/comments?post=1427"}],"version-history":[{"count":2,"href":"http:\/\/www.capenergie.fr\/catalogue\/wp-json\/wp\/v2\/pages\/1427\/revisions"}],"predecessor-version":[{"id":1429,"href":"http:\/\/www.capenergie.fr\/catalogue\/wp-json\/wp\/v2\/pages\/1427\/revisions\/1429"}],"wp:attachment":[{"href":"http:\/\/www.capenergie.fr\/catalogue\/wp-json\/wp\/v2\/media?parent=1427"}],"curies":[{"name":"wp","href":"https:\/\/api.w.org\/{rel}","templated":true}]}}